{"id":10098,"date":"2021-09-30T14:40:09","date_gmt":"2021-09-30T12:40:09","guid":{"rendered":"http:\/\/aem.hr\/?page_id=10098"},"modified":"2022-11-14T13:21:25","modified_gmt":"2022-11-14T12:21:25","slug":"nefunkcionalnost-u-primjeni-zakona-o-obnovi-zagreba","status":"publish","type":"page","link":"https:\/\/aem.hr\/en\/nefunkcionalnost-u-primjeni-zakona-o-obnovi-zagreba\/","title":{"rendered":"(Ne)funkcionalnost u primjeni zakona o obnovi Zagreba"},"content":{"rendered":"\n<div class=\"wp-block-file advgb-dyn-f1300df8\"><a id=\"wp-block-file--media-ccac4827-2769-49b4-a099-c96090077ea9\" href=\"https:\/\/aem.hr\/wp-content\/uploads\/2021\/09\/1.-Mocna-zena.pdf\">1. Mo\u0107na \u017eena za koju nitko nije \u010duo: Tko je Zdenka Pogar\u010di\u0107 koja vodi Vladin Ured kroz koji prolaze svi zakoni<\/a><a href=\"https:\/\/aem.hr\/wp-content\/uploads\/2021\/09\/1.-Mocna-zena.pdf\" class=\"wp-block-file__button wp-element-button\" download aria-describedby=\"wp-block-file--media-ccac4827-2769-49b4-a099-c96090077ea9\">Preuzimanje<\/a><\/div>\n\n\n\n<div class=\"wp-block-file advgb-dyn-25b2fbb5\"><a id=\"wp-block-file--media-31179511-2a1e-4787-b362-fdeb394c183a\" href=\"https:\/\/aem.hr\/wp-content\/uploads\/2021\/09\/2.-Ministarstvo-graditeljstva.pdf\">2. Ministarstvo graditeljstva stradalima od potresa: Rije\u0161ite movinsko-pravne odnose jer ina\u010de ne\u0107ete dobiti novac zaobnovu<\/a><a href=\"https:\/\/aem.hr\/wp-content\/uploads\/2021\/09\/2.-Ministarstvo-graditeljstva.pdf\" class=\"wp-block-file__button wp-element-button\" download aria-describedby=\"wp-block-file--media-31179511-2a1e-4787-b362-fdeb394c183a\"> Preuzimanje <\/a><\/div>\n\n\n\n<div class=\"wp-block-file advgb-dyn-e19162f4\"><a id=\"wp-block-file--media-38bc2286-048d-4e9c-bb92-347e5c95bb9b\" href=\"https:\/\/aem.hr\/wp-content\/uploads\/2021\/09\/3.-Antoljak_-Hitrorez.pdf\">3. Antoljak: Hitrorez bi imao smisla i danas, to je kao \u010di\u0161\u0107enje bazena u prolje\u0107e<\/a><a href=\"https:\/\/aem.hr\/wp-content\/uploads\/2021\/09\/3.-Antoljak_-Hitrorez.pdf\" class=\"wp-block-file__button wp-element-button\" download aria-describedby=\"wp-block-file--media-38bc2286-048d-4e9c-bb92-347e5c95bb9b\"> Preuzimanje <\/a><\/div>\n\n\n\n<div class=\"wp-block-file advgb-dyn-1292b09f\"><a id=\"wp-block-file--media-50e5d14a-838d-4446-8972-023a8efc9eac\" href=\"https:\/\/aem.hr\/wp-content\/uploads\/2021\/09\/4.-Mato-Palic.pdf\">4. Mato Pali\u0107: Primjena Zakona o obnovi Zagreba ovisit \u0107e o ljudskim kapacitetima u ministarstvima i Fondu za obnovu<\/a><a href=\"https:\/\/aem.hr\/wp-content\/uploads\/2021\/09\/4.-Mato-Palic.pdf\" class=\"wp-block-file__button wp-element-button\" download aria-describedby=\"wp-block-file--media-50e5d14a-838d-4446-8972-023a8efc9eac\"> Preuzimanje <\/a><\/div>\n\n\n\n<p><\/p>\n","protected":false},"excerpt":{"rendered":"","protected":false},"author":18,"featured_media":0,"parent":0,"menu_order":0,"comment_status":"closed","ping_status":"closed","template":"","meta":{"_acf_changed":false,"inline_featured_image":false,"advgb_blocks_editor_width":"","advgb_blocks_columns_visual_guide":"","_links_to":"","_links_to_type":0,"footnotes":""},"class_list":["post-10098","page","type-page","status-publish","hentry"],"acf":[],"yoast_head":"<!-- This site is optimized with the Yoast SEO plugin v25.7 - https:\/\/yoast.com\/wordpress\/plugins\/seo\/ -->\n<title>(Ne)funkcionalnost u primjeni zakona o obnovi Zagreba - Agencija za elektroni\u010dke medije<\/title>\n<meta name=\"robots\" content=\"index, follow, max-snippet:-1, max-image-preview:large, max-video-preview:-1\" \/>\n<link rel=\"canonical\" href=\"https:\/\/aem.hr\/nefunkcionalnost-u-primjeni-zakona-o-obnovi-zagreba\/\" \/>\n<meta property=\"og:locale\" content=\"en_US\" \/>\n<meta property=\"og:type\" content=\"article\" \/>\n<meta property=\"og:title\" content=\"(Ne)funkcionalnost u primjeni zakona o obnovi Zagreba - Agencija za elektroni\u010dke medije\" \/>\n<meta property=\"og:url\" content=\"https:\/\/aem.hr\/nefunkcionalnost-u-primjeni-zakona-o-obnovi-zagreba\/\" \/>\n<meta property=\"og:site_name\" content=\"Agencija za elektroni\u010dke medije\" \/>\n<meta property=\"article:modified_time\" content=\"2022-11-14T12:21:25+00:00\" \/>\n<meta name=\"twitter:card\" content=\"summary_large_image\" \/>\n<meta name=\"twitter:label1\" content=\"Est. reading time\" \/>\n\t<meta name=\"twitter:data1\" content=\"1 minute\" \/>\n<script type=\"application\/ld+json\" class=\"yoast-schema-graph\">{\"@context\":\"https:\/\/schema.org\",\"@graph\":[{\"@type\":\"WebPage\",\"@id\":\"https:\/\/aem.hr\/nefunkcionalnost-u-primjeni-zakona-o-obnovi-zagreba\/\",\"url\":\"https:\/\/aem.hr\/nefunkcionalnost-u-primjeni-zakona-o-obnovi-zagreba\/\",\"name\":\"(Ne)funkcionalnost u primjeni zakona o obnovi Zagreba - Agencija za elektroni\u010dke medije\",\"isPartOf\":{\"@id\":\"https:\/\/aem.hr\/#website\"},\"datePublished\":\"2021-09-30T12:40:09+00:00\",\"dateModified\":\"2022-11-14T12:21:25+00:00\",\"breadcrumb\":{\"@id\":\"https:\/\/aem.hr\/nefunkcionalnost-u-primjeni-zakona-o-obnovi-zagreba\/#breadcrumb\"},\"inLanguage\":\"en-US\",\"potentialAction\":[{\"@type\":\"ReadAction\",\"target\":[\"https:\/\/aem.hr\/nefunkcionalnost-u-primjeni-zakona-o-obnovi-zagreba\/\"]}]},{\"@type\":\"BreadcrumbList\",\"@id\":\"https:\/\/aem.hr\/nefunkcionalnost-u-primjeni-zakona-o-obnovi-zagreba\/#breadcrumb\",\"itemListElement\":[{\"@type\":\"ListItem\",\"position\":1,\"name\":\"Po\u010detna stranica\",\"item\":\"https:\/\/aem.hr\/\"},{\"@type\":\"ListItem\",\"position\":2,\"name\":\"(Ne)funkcionalnost u primjeni zakona o obnovi Zagreba\"}]},{\"@type\":\"WebSite\",\"@id\":\"https:\/\/aem.hr\/#website\",\"url\":\"https:\/\/aem.hr\/\",\"name\":\"Agencija za elektroni\u010dke medije\",\"description\":\"\",\"potentialAction\":[{\"@type\":\"SearchAction\",\"target\":{\"@type\":\"EntryPoint\",\"urlTemplate\":\"https:\/\/aem.hr\/?s={search_term_string}\"},\"query-input\":{\"@type\":\"PropertyValueSpecification\",\"valueRequired\":true,\"valueName\":\"search_term_string\"}}],\"inLanguage\":\"en-US\"}]}<\/script>\n<!-- \/ Yoast SEO plugin. -->","yoast_head_json":{"title":"(Ne)funkcionalnost u primjeni zakona o obnovi Zagreba - Agencija za elektroni\u010dke medije","robots":{"index":"index","follow":"follow","max-snippet":"max-snippet:-1","max-image-preview":"max-image-preview:large","max-video-preview":"max-video-preview:-1"},"canonical":"https:\/\/aem.hr\/nefunkcionalnost-u-primjeni-zakona-o-obnovi-zagreba\/","og_locale":"en_US","og_type":"article","og_title":"(Ne)funkcionalnost u primjeni zakona o obnovi Zagreba - Agencija za elektroni\u010dke medije","og_url":"https:\/\/aem.hr\/nefunkcionalnost-u-primjeni-zakona-o-obnovi-zagreba\/","og_site_name":"Agencija za elektroni\u010dke medije","article_modified_time":"2022-11-14T12:21:25+00:00","twitter_card":"summary_large_image","twitter_misc":{"Est. reading time":"1 minute"},"schema":{"@context":"https:\/\/schema.org","@graph":[{"@type":"WebPage","@id":"https:\/\/aem.hr\/nefunkcionalnost-u-primjeni-zakona-o-obnovi-zagreba\/","url":"https:\/\/aem.hr\/nefunkcionalnost-u-primjeni-zakona-o-obnovi-zagreba\/","name":"(Ne)funkcionalnost u primjeni zakona o obnovi Zagreba - Agencija za elektroni\u010dke medije","isPartOf":{"@id":"https:\/\/aem.hr\/#website"},"datePublished":"2021-09-30T12:40:09+00:00","dateModified":"2022-11-14T12:21:25+00:00","breadcrumb":{"@id":"https:\/\/aem.hr\/nefunkcionalnost-u-primjeni-zakona-o-obnovi-zagreba\/#breadcrumb"},"inLanguage":"en-US","potentialAction":[{"@type":"ReadAction","target":["https:\/\/aem.hr\/nefunkcionalnost-u-primjeni-zakona-o-obnovi-zagreba\/"]}]},{"@type":"BreadcrumbList","@id":"https:\/\/aem.hr\/nefunkcionalnost-u-primjeni-zakona-o-obnovi-zagreba\/#breadcrumb","itemListElement":[{"@type":"ListItem","position":1,"name":"Po\u010detna stranica","item":"https:\/\/aem.hr\/"},{"@type":"ListItem","position":2,"name":"(Ne)funkcionalnost u primjeni zakona o obnovi Zagreba"}]},{"@type":"WebSite","@id":"https:\/\/aem.hr\/#website","url":"https:\/\/aem.hr\/","name":"Agencija za elektroni\u010dke medije","description":"","potentialAction":[{"@type":"SearchAction","target":{"@type":"EntryPoint","urlTemplate":"https:\/\/aem.hr\/?s={search_term_string}"},"query-input":{"@type":"PropertyValueSpecification","valueRequired":true,"valueName":"search_term_string"}}],"inLanguage":"en-US"}]}},"coauthors":[],"author_meta":{"author_link":"https:\/\/aem.hr\/en\/blog\/author\/mkirac\/","display_name":"Matko Kirac"},"relative_dates":{"created":"Posted 5 years ago","modified":"Updated 3 years ago"},"absolute_dates":{"created":"Posted on 30. September 2021.","modified":"Updated on 14. November 2022."},"absolute_dates_time":{"created":"Posted on 30. September 2021. 14:40","modified":"Updated on 14. November 2022. 13:21"},"featured_img_caption":"","featured_img":false,"series_order":"","_links":{"self":[{"href":"https:\/\/aem.hr\/en\/wp-json\/wp\/v2\/pages\/10098","targetHints":{"allow":["GET"]}}],"collection":[{"href":"https:\/\/aem.hr\/en\/wp-json\/wp\/v2\/pages"}],"about":[{"href":"https:\/\/aem.hr\/en\/wp-json\/wp\/v2\/types\/page"}],"author":[{"embeddable":true,"href":"https:\/\/aem.hr\/en\/wp-json\/wp\/v2\/users\/18"}],"replies":[{"embeddable":true,"href":"https:\/\/aem.hr\/en\/wp-json\/wp\/v2\/comments?post=10098"}],"version-history":[{"count":2,"href":"https:\/\/aem.hr\/en\/wp-json\/wp\/v2\/pages\/10098\/revisions"}],"predecessor-version":[{"id":13640,"href":"https:\/\/aem.hr\/en\/wp-json\/wp\/v2\/pages\/10098\/revisions\/13640"}],"wp:attachment":[{"href":"https:\/\/aem.hr\/en\/wp-json\/wp\/v2\/media?parent=10098"}],"curies":[{"name":"wp","href":"https:\/\/api.w.org\/{rel}","templated":true}]}}

<div class="wp-block-file advgb-dyn-f1300df8"><a id="wp-block-file--media-ccac4827-2769-49b4-a099-c96090077ea9" href="https://aem.hr/wp-content/uploads/2021/09/1.-Mocna-zena.pdf">1. Moćna žena za koju nitko nije čuo: Tko je Zdenka Pogarčić koja vodi Vladin Ured kroz koji prolaze svi zakoni</a><a href="https://aem.hr/wp-content/uploads/2021/09/1.-Mocna-zena.pdf" class="wp-block-file__button wp-element-button" download aria-describedby="wp-block-file--media-ccac4827-2769-49b4-a099-c96090077ea9">Preuzimanje</a></div>



<div class="wp-block-file advgb-dyn-25b2fbb5"><a id="wp-block-file--media-31179511-2a1e-4787-b362-fdeb394c183a" href="https://aem.hr/wp-content/uploads/2021/09/2.-Ministarstvo-graditeljstva.pdf">2. Ministarstvo graditeljstva stradalima od potresa: Riješite movinsko-pravne odnose jer inače nećete dobiti novac zaobnovu</a><a href="https://aem.hr/wp-content/uploads/2021/09/2.-Ministarstvo-graditeljstva.pdf" class="wp-block-file__button wp-element-button" download aria-describedby="wp-block-file--media-31179511-2a1e-4787-b362-fdeb394c183a"> Preuzimanje </a></div>



<div class="wp-block-file advgb-dyn-e19162f4"><a id="wp-block-file--media-38bc2286-048d-4e9c-bb92-347e5c95bb9b" href="https://aem.hr/wp-content/uploads/2021/09/3.-Antoljak_-Hitrorez.pdf">3. Antoljak: Hitrorez bi imao smisla i danas, to je kao čišćenje bazena u proljeće</a><a href="https://aem.hr/wp-content/uploads/2021/09/3.-Antoljak_-Hitrorez.pdf" class="wp-block-file__button wp-element-button" download aria-describedby="wp-block-file--media-38bc2286-048d-4e9c-bb92-347e5c95bb9b"> Preuzimanje </a></div>



<div class="wp-block-file advgb-dyn-1292b09f"><a id="wp-block-file--media-50e5d14a-838d-4446-8972-023a8efc9eac" href="https://aem.hr/wp-content/uploads/2021/09/4.-Mato-Palic.pdf">4. Mato Palić: Primjena Zakona o obnovi Zagreba ovisit će o ljudskim kapacitetima u ministarstvima i Fondu za obnovu</a><a href="https://aem.hr/wp-content/uploads/2021/09/4.-Mato-Palic.pdf" class="wp-block-file__button wp-element-button" download aria-describedby="wp-block-file--media-50e5d14a-838d-4446-8972-023a8efc9eac"> Preuzimanje </a></div>



<p></p>

<!-- This site is optimized with the Yoast SEO plugin v25.7 - https://yoast.com/wordpress/plugins/seo/ -->
<title>(Ne)funkcionalnost u primjeni zakona o obnovi Zagreba - Agencija za elektroničke medije</title>
<meta name="robots" content="index, follow, max-snippet:-1, max-image-preview:large, max-video-preview:-1" />
<link rel="canonical" href="https://aem.hr/nefunkcionalnost-u-primjeni-zakona-o-obnovi-zagreba/" />
<meta property="og:locale" content="en_US" />
<meta property="og:type" content="article" />
<meta property="og:title" content="(Ne)funkcionalnost u primjeni zakona o obnovi Zagreba - Agencija za elektroničke medije" />
<meta property="og:url" content="https://aem.hr/nefunkcionalnost-u-primjeni-zakona-o-obnovi-zagreba/" />
<meta property="og:site_name" content="Agencija za elektroničke medije" />
<meta property="article:modified_time" content="2022-11-14T12:21:25+00:00" />
<meta name="twitter:card" content="summary_large_image" />
<meta name="twitter:label1" content="Est. reading time" />
	<meta name="twitter:data1" content="1 minute" />
<script type="application/ld+json" class="yoast-schema-graph">{"@context":"https://schema.org","@graph":[{"@type":"WebPage","@id":"https://aem.hr/nefunkcionalnost-u-primjeni-zakona-o-obnovi-zagreba/","url":"https://aem.hr/nefunkcionalnost-u-primjeni-zakona-o-obnovi-zagreba/","name":"(Ne)funkcionalnost u primjeni zakona o obnovi Zagreba - Agencija za elektroničke medije","isPartOf":{"@id":"https://aem.hr/#website"},"datePublished":"2021-09-30T12:40:09+00:00","dateModified":"2022-11-14T12:21:25+00:00","breadcrumb":{"@id":"https://aem.hr/nefunkcionalnost-u-primjeni-zakona-o-obnovi-zagreba/#breadcrumb"},"inLanguage":"en-US","potentialAction":[{"@type":"ReadAction","target":["https://aem.hr/nefunkcionalnost-u-primjeni-zakona-o-obnovi-zagreba/"]}]},{"@type":"BreadcrumbList","@id":"https://aem.hr/nefunkcionalnost-u-primjeni-zakona-o-obnovi-zagreba/#breadcrumb","itemListElement":[{"@type":"ListItem","position":1,"name":"Početna stranica","item":"https://aem.hr/"},{"@type":"ListItem","position":2,"name":"(Ne)funkcionalnost u primjeni zakona o obnovi Zagreba"}]},{"@type":"WebSite","@id":"https://aem.hr/#website","url":"https://aem.hr/","name":"Agencija za elektroničke medije","description":"","potentialAction":[{"@type":"SearchAction","target":{"@type":"EntryPoint","urlTemplate":"https://aem.hr/?s={search_term_string}"},"query-input":{"@type":"PropertyValueSpecification","valueRequired":true,"valueName":"search_term_string"}}],"inLanguage":"en-US"}]}</script>
<!-- / Yoast SEO plugin. -->

(Ne)funkcionalnost u primjeni zakona o obnovi Zagreba - Agencija za elektroničke medije

Agencija za elektroničke medije

Početna stranica
