{"id":15845,"date":"2023-02-15T12:29:58","date_gmt":"2023-02-15T11:29:58","guid":{"rendered":"http:\/\/aem.hr\/?page_id=15845"},"modified":"2023-02-15T12:29:59","modified_gmt":"2023-02-15T11:29:59","slug":"zeljko-topic-clan-vijeca","status":"publish","type":"page","link":"https:\/\/aem.hr\/en\/zeljko-topic-clan-vijeca\/","title":{"rendered":"\u017deljko Topi\u0107, \u010dlan Vije\u0107a"},"content":{"rendered":"\n<p>\u017deljko Topi\u0107 ro\u0111en je 1959. u Banjaluci, gdje je zavr\u0161io gimnaziju te diplomirao (1981.) i magistrirao (1989.) na Ekonomskom fakultetu. Karijeru ekonomista zapo\u010deo je u Banjaluci bave\u0107i se izradom i ocjenom investicijskih studija, a nastavio u Zagrebu gdje je radio kao savjetnik za investicije u znanstveno-istra\u017eiva\u010dkom sektoru. Od 90ih godina bavi se kreiranjem i za\u0161titom intelektualnog vlasni\u0161tva, te njegovom provedbom i ekonomikom. Sustavno je sudjelovao u programima i te\u010dajevima obrazovanja i obuke, konferencijama, kongresima i simpozijima o intelektualnom vlasni\u0161tvu diljem svijeta. Ovla\u0161teni je europski patentni zastupnik &#8211; pred Europskim patentnim uredom (EPO), ovla\u0161teni europski zastupnik za \u017eigove i industrijski dizajn &#8211; pred Uredom EU za intelektualno vlasni\u0161tvo (EUIPO) te ovla\u0161teni patentni zastupnik i zastupnik za \u017eigove i industrijski dizajn u RH pred Dr\u017eavnim zavodom za intelektualno vlasni\u0161tvo (DZIV).&nbsp;&nbsp;&nbsp;&nbsp;&nbsp;&nbsp;&nbsp;&nbsp;&nbsp;&nbsp;&nbsp;&nbsp;&nbsp;&nbsp;&nbsp;&nbsp;&nbsp;&nbsp;&nbsp;&nbsp;&nbsp;&nbsp;&nbsp;&nbsp;&nbsp;&nbsp;&nbsp;&nbsp;&nbsp;&nbsp;&nbsp;&nbsp;&nbsp;&nbsp;&nbsp;&nbsp; &nbsp;&nbsp;&nbsp;&nbsp;&nbsp;&nbsp;&nbsp;&nbsp;<\/p>\n\n\n\n<p>Obna\u0161ao je brojne javne du\u017enosti u podru\u010dju intelektualnog vlasni\u0161tva na nacionalnoj i me\u0111unarodnoj razini uklju\u010duju\u0107i du\u017enost ravnatelja DZIV-a (2004\u20132012) i potpredsjednika EPO-a (2012\u20132018), EU koordinatora za poglavlje o Pravu intelektualnog vlasni\u0161tva u pregovorima za pristupanje RH Europskoj uniji, potpredsjednika diplomatske konferencije i koordinatora regionalne skupine Srednja Europa, Isto\u010dna Europa i Baltik Svjetske organizacije za intelektualno vlasni\u0161tvo (WIPO) itd.<\/p>\n\n\n\n<p>Kao autor i\/ili voditelj stru\u010dnog tima (WIPO) sudjelovao je u izradi Nacionalnih strategija za razvoj sustava intelektualnog vlasni\u0161tva Republike Hrvatske, Bosne i Hercegovine te Sjeverne Makedonije. U podru\u010dju kreativnih&nbsp; industrija, njegov ekspertni rad uklju\u010duje<a> Studiju o ekonomskom doprinosu kreativnih industrija u Hrvatskoj (<\/a>2007.), te Studiju o ekonomskom doprinosu kreativnih industrija u Sloveniji (2010.).<\/p>\n\n\n\n<p>Tijekom karijere bio je \u010dlan radnih i upravnih tijela brojnih stru\u010dnih organizacija poput Hrvatskog dru\u0161tva za autorsko pravo, Hrvatske komore ovla\u0161tenih zasupnika, Europskog Patentnog Instituta (EPI), Upravna tijela WIPO-a, Stalnog komiteta za zakone o \u017eigovima, industrijskom dizajnu i zemljopisnim oznakama itd.&nbsp;<\/p>\n\n\n\n<p>Aktivni je govornik engleskog, a slu\u017ei se francuskim, njema\u010dkim, slovenskim i makedonskim jezikom.<\/p>\n\n\n\n<p>Za \u010dlana Vije\u0107a za elektroni\u010dke medije imenovan je odlukom Hrvatskog Sabora od 8. velja\u010de 2023. godine.<\/p>\n","protected":false},"excerpt":{"rendered":"<p>\u017deljko Topi\u0107 ro\u0111en je 1959. u Banjaluci, gdje je zavr\u0161io gimnaziju te diplomirao (1981.) i magistrirao (1989.) na Ekonomskom fakultetu. Karijeru ekonomista zapo\u010deo je u Banjaluci bave\u0107i se izradom i ocjenom investicijskih studija, a nastavio u Zagrebu gdje je radio kao savjetnik za investicije u znanstveno-istra\u017eiva\u010dkom sektoru. Od 90ih godina bavi se kreiranjem i za\u0161titom [&hellip;]<\/p>\n","protected":false},"author":18,"featured_media":0,"parent":0,"menu_order":0,"comment_status":"closed","ping_status":"closed","template":"","meta":{"_acf_changed":false,"inline_featured_image":false,"advgb_blocks_editor_width":"","advgb_blocks_columns_visual_guide":"","_links_to":"","_links_to_type":0,"footnotes":""},"class_list":["post-15845","page","type-page","status-publish","hentry"],"acf":[],"yoast_head":"<!-- This site is optimized with the Yoast SEO plugin v25.7 - https:\/\/yoast.com\/wordpress\/plugins\/seo\/ -->\n<title>\u017deljko Topi\u0107, \u010dlan Vije\u0107a - Agencija za elektroni\u010dke medije<\/title>\n<meta name=\"robots\" content=\"index, follow, max-snippet:-1, max-image-preview:large, max-video-preview:-1\" \/>\n<link rel=\"canonical\" href=\"https:\/\/aem.hr\/zeljko-topic-clan-vijeca\/\" \/>\n<meta property=\"og:locale\" content=\"en_US\" \/>\n<meta property=\"og:type\" content=\"article\" \/>\n<meta property=\"og:title\" content=\"\u017deljko Topi\u0107, \u010dlan Vije\u0107a - Agencija za elektroni\u010dke medije\" \/>\n<meta property=\"og:description\" content=\"\u017deljko Topi\u0107 ro\u0111en je 1959. u Banjaluci, gdje je zavr\u0161io gimnaziju te diplomirao (1981.) i magistrirao (1989.) na Ekonomskom fakultetu. Karijeru ekonomista zapo\u010deo je u Banjaluci bave\u0107i se izradom i ocjenom investicijskih studija, a nastavio u Zagrebu gdje je radio kao savjetnik za investicije u znanstveno-istra\u017eiva\u010dkom sektoru. Od 90ih godina bavi se kreiranjem i za\u0161titom [&hellip;]\" \/>\n<meta property=\"og:url\" content=\"https:\/\/aem.hr\/zeljko-topic-clan-vijeca\/\" \/>\n<meta property=\"og:site_name\" content=\"Agencija za elektroni\u010dke medije\" \/>\n<meta property=\"article:modified_time\" content=\"2023-02-15T11:29:59+00:00\" \/>\n<meta name=\"twitter:card\" content=\"summary_large_image\" \/>\n<meta name=\"twitter:label1\" content=\"Est. reading time\" \/>\n\t<meta name=\"twitter:data1\" content=\"2 minutes\" \/>\n<script type=\"application\/ld+json\" class=\"yoast-schema-graph\">{\"@context\":\"https:\/\/schema.org\",\"@graph\":[{\"@type\":\"WebPage\",\"@id\":\"https:\/\/aem.hr\/zeljko-topic-clan-vijeca\/\",\"url\":\"https:\/\/aem.hr\/zeljko-topic-clan-vijeca\/\",\"name\":\"\u017deljko Topi\u0107, \u010dlan Vije\u0107a - Agencija za elektroni\u010dke medije\",\"isPartOf\":{\"@id\":\"https:\/\/aem.hr\/#website\"},\"datePublished\":\"2023-02-15T11:29:58+00:00\",\"dateModified\":\"2023-02-15T11:29:59+00:00\",\"breadcrumb\":{\"@id\":\"https:\/\/aem.hr\/zeljko-topic-clan-vijeca\/#breadcrumb\"},\"inLanguage\":\"en-US\",\"potentialAction\":[{\"@type\":\"ReadAction\",\"target\":[\"https:\/\/aem.hr\/zeljko-topic-clan-vijeca\/\"]}]},{\"@type\":\"BreadcrumbList\",\"@id\":\"https:\/\/aem.hr\/zeljko-topic-clan-vijeca\/#breadcrumb\",\"itemListElement\":[{\"@type\":\"ListItem\",\"position\":1,\"name\":\"Po\u010detna stranica\",\"item\":\"https:\/\/aem.hr\/\"},{\"@type\":\"ListItem\",\"position\":2,\"name\":\"\u017deljko Topi\u0107, \u010dlan Vije\u0107a\"}]},{\"@type\":\"WebSite\",\"@id\":\"https:\/\/aem.hr\/#website\",\"url\":\"https:\/\/aem.hr\/\",\"name\":\"Agencija za elektroni\u010dke medije\",\"description\":\"\",\"potentialAction\":[{\"@type\":\"SearchAction\",\"target\":{\"@type\":\"EntryPoint\",\"urlTemplate\":\"https:\/\/aem.hr\/?s={search_term_string}\"},\"query-input\":{\"@type\":\"PropertyValueSpecification\",\"valueRequired\":true,\"valueName\":\"search_term_string\"}}],\"inLanguage\":\"en-US\"}]}<\/script>\n<!-- \/ Yoast SEO plugin. -->","yoast_head_json":{"title":"\u017deljko Topi\u0107, \u010dlan Vije\u0107a - Agencija za elektroni\u010dke medije","robots":{"index":"index","follow":"follow","max-snippet":"max-snippet:-1","max-image-preview":"max-image-preview:large","max-video-preview":"max-video-preview:-1"},"canonical":"https:\/\/aem.hr\/zeljko-topic-clan-vijeca\/","og_locale":"en_US","og_type":"article","og_title":"\u017deljko Topi\u0107, \u010dlan Vije\u0107a - Agencija za elektroni\u010dke medije","og_description":"\u017deljko Topi\u0107 ro\u0111en je 1959. u Banjaluci, gdje je zavr\u0161io gimnaziju te diplomirao (1981.) i magistrirao (1989.) na Ekonomskom fakultetu. Karijeru ekonomista zapo\u010deo je u Banjaluci bave\u0107i se izradom i ocjenom investicijskih studija, a nastavio u Zagrebu gdje je radio kao savjetnik za investicije u znanstveno-istra\u017eiva\u010dkom sektoru. Od 90ih godina bavi se kreiranjem i za\u0161titom [&hellip;]","og_url":"https:\/\/aem.hr\/zeljko-topic-clan-vijeca\/","og_site_name":"Agencija za elektroni\u010dke medije","article_modified_time":"2023-02-15T11:29:59+00:00","twitter_card":"summary_large_image","twitter_misc":{"Est. reading time":"2 minutes"},"schema":{"@context":"https:\/\/schema.org","@graph":[{"@type":"WebPage","@id":"https:\/\/aem.hr\/zeljko-topic-clan-vijeca\/","url":"https:\/\/aem.hr\/zeljko-topic-clan-vijeca\/","name":"\u017deljko Topi\u0107, \u010dlan Vije\u0107a - Agencija za elektroni\u010dke medije","isPartOf":{"@id":"https:\/\/aem.hr\/#website"},"datePublished":"2023-02-15T11:29:58+00:00","dateModified":"2023-02-15T11:29:59+00:00","breadcrumb":{"@id":"https:\/\/aem.hr\/zeljko-topic-clan-vijeca\/#breadcrumb"},"inLanguage":"en-US","potentialAction":[{"@type":"ReadAction","target":["https:\/\/aem.hr\/zeljko-topic-clan-vijeca\/"]}]},{"@type":"BreadcrumbList","@id":"https:\/\/aem.hr\/zeljko-topic-clan-vijeca\/#breadcrumb","itemListElement":[{"@type":"ListItem","position":1,"name":"Po\u010detna stranica","item":"https:\/\/aem.hr\/"},{"@type":"ListItem","position":2,"name":"\u017deljko Topi\u0107, \u010dlan Vije\u0107a"}]},{"@type":"WebSite","@id":"https:\/\/aem.hr\/#website","url":"https:\/\/aem.hr\/","name":"Agencija za elektroni\u010dke medije","description":"","potentialAction":[{"@type":"SearchAction","target":{"@type":"EntryPoint","urlTemplate":"https:\/\/aem.hr\/?s={search_term_string}"},"query-input":{"@type":"PropertyValueSpecification","valueRequired":true,"valueName":"search_term_string"}}],"inLanguage":"en-US"}]}},"coauthors":[],"author_meta":{"author_link":"https:\/\/aem.hr\/en\/blog\/author\/mkirac\/","display_name":"Matko Kirac"},"relative_dates":{"created":"Posted 3 years ago","modified":"Updated 3 years ago"},"absolute_dates":{"created":"Posted on 15. February 2023.","modified":"Updated on 15. February 2023."},"absolute_dates_time":{"created":"Posted on 15. February 2023. 12:29","modified":"Updated on 15. February 2023. 12:29"},"featured_img_caption":"","featured_img":false,"series_order":"","_links":{"self":[{"href":"https:\/\/aem.hr\/en\/wp-json\/wp\/v2\/pages\/15845","targetHints":{"allow":["GET"]}}],"collection":[{"href":"https:\/\/aem.hr\/en\/wp-json\/wp\/v2\/pages"}],"about":[{"href":"https:\/\/aem.hr\/en\/wp-json\/wp\/v2\/types\/page"}],"author":[{"embeddable":true,"href":"https:\/\/aem.hr\/en\/wp-json\/wp\/v2\/users\/18"}],"replies":[{"embeddable":true,"href":"https:\/\/aem.hr\/en\/wp-json\/wp\/v2\/comments?post=15845"}],"version-history":[{"count":1,"href":"https:\/\/aem.hr\/en\/wp-json\/wp\/v2\/pages\/15845\/revisions"}],"predecessor-version":[{"id":15848,"href":"https:\/\/aem.hr\/en\/wp-json\/wp\/v2\/pages\/15845\/revisions\/15848"}],"wp:attachment":[{"href":"https:\/\/aem.hr\/en\/wp-json\/wp\/v2\/media?parent=15845"}],"curies":[{"name":"wp","href":"https:\/\/api.w.org\/{rel}","templated":true}]}}

Željko Topić, član Vijeća

<p>Željko Topić rođen je 1959. u Banjaluci, gdje je završio gimnaziju te diplomirao (1981.) i magistrirao (1989.) na Ekonomskom fakultetu. Karijeru ekonomista započeo je u Banjaluci baveći se izradom i ocjenom investicijskih studija, a nastavio u Zagrebu gdje je radio kao savjetnik za investicije u znanstveno-istraživačkom sektoru. Od 90ih godina bavi se kreiranjem i zaštitom intelektualnog vlasništva, te njegovom provedbom i ekonomikom. Sustavno je sudjelovao u programima i tečajevima obrazovanja i obuke, konferencijama, kongresima i simpozijima o intelektualnom vlasništvu diljem svijeta. Ovlašteni je europski patentni zastupnik &#8211; pred Europskim patentnim uredom (EPO), ovlašteni europski zastupnik za žigove i industrijski dizajn &#8211; pred Uredom EU za intelektualno vlasništvo (EUIPO) te ovlašteni patentni zastupnik i zastupnik za žigove i industrijski dizajn u RH pred Državnim zavodom za intelektualno vlasništvo (DZIV).&nbsp;&nbsp;&nbsp;&nbsp;&nbsp;&nbsp;&nbsp;&nbsp;&nbsp;&nbsp;&nbsp;&nbsp;&nbsp;&nbsp;&nbsp;&nbsp;&nbsp;&nbsp;&nbsp;&nbsp;&nbsp;&nbsp;&nbsp;&nbsp;&nbsp;&nbsp;&nbsp;&nbsp;&nbsp;&nbsp;&nbsp;&nbsp;&nbsp;&nbsp;&nbsp;&nbsp; &nbsp;&nbsp;&nbsp;&nbsp;&nbsp;&nbsp;&nbsp;&nbsp;</p>



<p>Obnašao je brojne javne dužnosti u području intelektualnog vlasništva na nacionalnoj i međunarodnoj razini uključujući dužnost ravnatelja DZIV-a (2004–2012) i potpredsjednika EPO-a (2012–2018), EU koordinatora za poglavlje o Pravu intelektualnog vlasništva u pregovorima za pristupanje RH Europskoj uniji, potpredsjednika diplomatske konferencije i koordinatora regionalne skupine Srednja Europa, Istočna Europa i Baltik Svjetske organizacije za intelektualno vlasništvo (WIPO) itd.</p>



<p>Kao autor i/ili voditelj stručnog tima (WIPO) sudjelovao je u izradi Nacionalnih strategija za razvoj sustava intelektualnog vlasništva Republike Hrvatske, Bosne i Hercegovine te Sjeverne Makedonije. U području kreativnih&nbsp; industrija, njegov ekspertni rad uključuje<a> Studiju o ekonomskom doprinosu kreativnih industrija u Hrvatskoj (</a>2007.), te Studiju o ekonomskom doprinosu kreativnih industrija u Sloveniji (2010.).</p>



<p>Tijekom karijere bio je član radnih i upravnih tijela brojnih stručnih organizacija poput Hrvatskog društva za autorsko pravo, Hrvatske komore ovlaštenih zasupnika, Europskog Patentnog Instituta (EPI), Upravna tijela WIPO-a, Stalnog komiteta za zakone o žigovima, industrijskom dizajnu i zemljopisnim oznakama itd.&nbsp;</p>



<p>Aktivni je govornik engleskog, a služi se francuskim, njemačkim, slovenskim i makedonskim jezikom.</p>



<p>Za člana Vijeća za elektroničke medije imenovan je odlukom Hrvatskog Sabora od 8. veljače 2023. godine.</p>

<p>Željko Topić rođen je 1959. u Banjaluci, gdje je završio gimnaziju te diplomirao (1981.) i magistrirao (1989.) na Ekonomskom fakultetu. Karijeru ekonomista započeo je u Banjaluci baveći se izradom i ocjenom investicijskih studija, a nastavio u Zagrebu gdje je radio kao savjetnik za investicije u znanstveno-istraživačkom sektoru. Od 90ih godina bavi se kreiranjem i zaštitom [&hellip;]</p>

<!-- This site is optimized with the Yoast SEO plugin v25.7 - https://yoast.com/wordpress/plugins/seo/ -->
<title>Željko Topić, član Vijeća - Agencija za elektroničke medije</title>
<meta name="robots" content="index, follow, max-snippet:-1, max-image-preview:large, max-video-preview:-1" />
<link rel="canonical" href="https://aem.hr/zeljko-topic-clan-vijeca/" />
<meta property="og:locale" content="en_US" />
<meta property="og:type" content="article" />
<meta property="og:title" content="Željko Topić, član Vijeća - Agencija za elektroničke medije" />
<meta property="og:description" content="Željko Topić rođen je 1959. u Banjaluci, gdje je završio gimnaziju te diplomirao (1981.) i magistrirao (1989.) na Ekonomskom fakultetu. Karijeru ekonomista započeo je u Banjaluci baveći se izradom i ocjenom investicijskih studija, a nastavio u Zagrebu gdje je radio kao savjetnik za investicije u znanstveno-istraživačkom sektoru. Od 90ih godina bavi se kreiranjem i zaštitom [&hellip;]" />
<meta property="og:url" content="https://aem.hr/zeljko-topic-clan-vijeca/" />
<meta property="og:site_name" content="Agencija za elektroničke medije" />
<meta property="article:modified_time" content="2023-02-15T11:29:59+00:00" />
<meta name="twitter:card" content="summary_large_image" />
<meta name="twitter:label1" content="Est. reading time" />
	<meta name="twitter:data1" content="2 minutes" />
<script type="application/ld+json" class="yoast-schema-graph">{"@context":"https://schema.org","@graph":[{"@type":"WebPage","@id":"https://aem.hr/zeljko-topic-clan-vijeca/","url":"https://aem.hr/zeljko-topic-clan-vijeca/","name":"Željko Topić, član Vijeća - Agencija za elektroničke medije","isPartOf":{"@id":"https://aem.hr/#website"},"datePublished":"2023-02-15T11:29:58+00:00","dateModified":"2023-02-15T11:29:59+00:00","breadcrumb":{"@id":"https://aem.hr/zeljko-topic-clan-vijeca/#breadcrumb"},"inLanguage":"en-US","potentialAction":[{"@type":"ReadAction","target":["https://aem.hr/zeljko-topic-clan-vijeca/"]}]},{"@type":"BreadcrumbList","@id":"https://aem.hr/zeljko-topic-clan-vijeca/#breadcrumb","itemListElement":[{"@type":"ListItem","position":1,"name":"Početna stranica","item":"https://aem.hr/"},{"@type":"ListItem","position":2,"name":"Željko Topić, član Vijeća"}]},{"@type":"WebSite","@id":"https://aem.hr/#website","url":"https://aem.hr/","name":"Agencija za elektroničke medije","description":"","potentialAction":[{"@type":"SearchAction","target":{"@type":"EntryPoint","urlTemplate":"https://aem.hr/?s={search_term_string}"},"query-input":{"@type":"PropertyValueSpecification","valueRequired":true,"valueName":"search_term_string"}}],"inLanguage":"en-US"}]}</script>
<!-- / Yoast SEO plugin. -->

Željko Topić, član Vijeća - Agencija za elektroničke medije

Željko Topić rođen je 1959. u Banjaluci, gdje je završio gimnaziju te diplomirao (1981.) i magistrirao (1989.) na Ekonomskom fakultetu. Karijeru ekonomista započeo je u Banjaluci baveći se izradom i ocjenom investicijskih studija, a nastavio u Zagrebu gdje je radio kao savjetnik za investicije u znanstveno-istraživačkom sektoru. Od 90ih godina bavi se kreiranjem i zaštitom [&hellip;]

Agencija za elektroničke medije

Početna stranica
