{"id":20444,"date":"2025-02-27T14:44:06","date_gmt":"2025-02-27T13:44:06","guid":{"rendered":"http:\/\/aem.hr\/?page_id=20444"},"modified":"2025-02-27T14:44:32","modified_gmt":"2025-02-27T13:44:32","slug":"mirta-vranjes-mobbing-u-hrvatskoj-samo-prestraseni-radnik-je-dobar-radnik","status":"publish","type":"page","link":"https:\/\/aem.hr\/en\/mirta-vranjes-mobbing-u-hrvatskoj-samo-prestraseni-radnik-je-dobar-radnik\/","title":{"rendered":"Mirta Vranje\u0161 &#8211; Mobbing u Hrvatskoj &#8211; &#8220;Samo prestra\u0161eni radnik je dobar radnik&#8221;"},"content":{"rendered":"\n<div class=\"wp-block-file\"><a id=\"wp-block-file--media-bda1900d-69aa-424f-8ab0-32c06ab6fcf7\" href=\"https:\/\/aem.hr\/wp-content\/uploads\/2025\/02\/1.-Nakon-porodiljnog-se-vratila-u-ured-uzeli-su-joj-sredstva-za-rad.pdf\">1. &#8216;Nakon porodiljnog se vratila u ured, uzeli su joj sredstva za rad&#8217;<\/a><a href=\"https:\/\/aem.hr\/wp-content\/uploads\/2025\/02\/1.-Nakon-porodiljnog-se-vratila-u-ured-uzeli-su-joj-sredstva-za-rad.pdf\" class=\"wp-block-file__button wp-element-button\" download aria-describedby=\"wp-block-file--media-bda1900d-69aa-424f-8ab0-32c06ab6fcf7\">Preuzimanje<\/a><\/div>\n\n\n\n<div class=\"wp-block-file\"><a id=\"wp-block-file--media-3773e829-23d6-4b6a-ab60-85a6d3a8e46c\" href=\"https:\/\/aem.hr\/wp-content\/uploads\/2025\/02\/2.-Mobbing-u-Hrvatskoj.-Ovo-su-prvi-znaci-da-vas-zlostavljaju.pdf\">2. Mobbing u Hrvatskoj. Ovo su prvi znaci da vas zlostavljaju<\/a><a href=\"https:\/\/aem.hr\/wp-content\/uploads\/2025\/02\/2.-Mobbing-u-Hrvatskoj.-Ovo-su-prvi-znaci-da-vas-zlostavljaju.pdf\" class=\"wp-block-file__button wp-element-button\" download aria-describedby=\"wp-block-file--media-3773e829-23d6-4b6a-ab60-85a6d3a8e46c\">Preuzimanje<\/a><\/div>\n\n\n\n<div class=\"wp-block-file\"><a id=\"wp-block-file--media-d719fc55-9c55-4373-ba49-54084b2ecc77\" href=\"https:\/\/aem.hr\/wp-content\/uploads\/2025\/02\/3.-Mobbing-je-psihicko-zlostavljanje-na-poslu-koje-nanosi-stetu.pdf\">3. Mobbing je psihi\u010dko zlostavljanje na poslu koje nanosi \u0161tetu<\/a><a href=\"https:\/\/aem.hr\/wp-content\/uploads\/2025\/02\/3.-Mobbing-je-psihicko-zlostavljanje-na-poslu-koje-nanosi-stetu.pdf\" class=\"wp-block-file__button wp-element-button\" download aria-describedby=\"wp-block-file--media-d719fc55-9c55-4373-ba49-54084b2ecc77\">Preuzimanje<\/a><\/div>\n\n\n\n<div class=\"wp-block-file\"><a id=\"wp-block-file--media-898efc01-1eda-4373-978c-90021e7759d6\" href=\"https:\/\/aem.hr\/wp-content\/uploads\/2025\/02\/4.-Steta-koju-mobbing-nanosi-zdravlju-zrtve-je-ogromna.pdf\">4. \u0160teta koju mobbing nanosi zdravlju \u017ertve je ogromna<\/a><a href=\"https:\/\/aem.hr\/wp-content\/uploads\/2025\/02\/4.-Steta-koju-mobbing-nanosi-zdravlju-zrtve-je-ogromna.pdf\" class=\"wp-block-file__button wp-element-button\" download aria-describedby=\"wp-block-file--media-898efc01-1eda-4373-978c-90021e7759d6\">Preuzimanje<\/a><\/div>\n\n\n\n<div class=\"wp-block-file\"><a id=\"wp-block-file--media-efad6204-546b-4310-9ff4-3b147e3f86ec\" href=\"https:\/\/aem.hr\/wp-content\/uploads\/2025\/02\/5.-Zrtve-mobbinga-probleme-s-posla-nose-u-obitelj.pdf\">5. \u017drtve mobbinga probleme s posla nose u obitelj<\/a><a href=\"https:\/\/aem.hr\/wp-content\/uploads\/2025\/02\/5.-Zrtve-mobbinga-probleme-s-posla-nose-u-obitelj.pdf\" class=\"wp-block-file__button wp-element-button\" download aria-describedby=\"wp-block-file--media-efad6204-546b-4310-9ff4-3b147e3f86ec\">Preuzimanje<\/a><\/div>\n\n\n\n<div class=\"wp-block-file\"><a id=\"wp-block-file--media-374320d7-a022-4b59-8546-35da33262f15\" href=\"https:\/\/aem.hr\/wp-content\/uploads\/2025\/02\/6.-Granica-izmedu-flerta-i-seksualnog-uznemiravanja-na-poslu.pdf\">6. Granica izme\u0111u flerta i seksualnog uznemiravanja na poslu<\/a><a href=\"https:\/\/aem.hr\/wp-content\/uploads\/2025\/02\/6.-Granica-izmedu-flerta-i-seksualnog-uznemiravanja-na-poslu.pdf\" class=\"wp-block-file__button wp-element-button\" download aria-describedby=\"wp-block-file--media-374320d7-a022-4b59-8546-35da33262f15\">Preuzimanje<\/a><\/div>\n\n\n\n<div class=\"wp-block-file\"><a id=\"wp-block-file--media-0fac0472-dc45-4a14-a365-fd3fd54aa17c\" href=\"https:\/\/aem.hr\/wp-content\/uploads\/2025\/02\/7.-Zrtve-mobbinga-o-svojim-iskustvima.pdf\">7. \u017drtve mobbinga o svojim iskustvima<\/a><a href=\"https:\/\/aem.hr\/wp-content\/uploads\/2025\/02\/7.-Zrtve-mobbinga-o-svojim-iskustvima.pdf\" class=\"wp-block-file__button wp-element-button\" download aria-describedby=\"wp-block-file--media-0fac0472-dc45-4a14-a365-fd3fd54aa17c\">Preuzimanje<\/a><\/div>\n","protected":false},"excerpt":{"rendered":"","protected":false},"author":18,"featured_media":0,"parent":0,"menu_order":0,"comment_status":"closed","ping_status":"closed","template":"","meta":{"_acf_changed":false,"inline_featured_image":false,"advgb_blocks_editor_width":"","advgb_blocks_columns_visual_guide":"","_links_to":"","_links_to_type":0,"footnotes":""},"class_list":["post-20444","page","type-page","status-publish","hentry"],"acf":[],"yoast_head":"<!-- This site is optimized with the Yoast SEO plugin v25.7 - https:\/\/yoast.com\/wordpress\/plugins\/seo\/ -->\n<title>Mirta Vranje\u0161 - Mobbing u Hrvatskoj - &quot;Samo prestra\u0161eni radnik je dobar radnik&quot; - Agencija za elektroni\u010dke medije<\/title>\n<meta name=\"robots\" content=\"index, follow, max-snippet:-1, max-image-preview:large, max-video-preview:-1\" \/>\n<link rel=\"canonical\" href=\"https:\/\/aem.hr\/mirta-vranjes-mobbing-u-hrvatskoj-samo-prestraseni-radnik-je-dobar-radnik\/\" \/>\n<meta property=\"og:locale\" content=\"en_US\" \/>\n<meta property=\"og:type\" content=\"article\" \/>\n<meta property=\"og:title\" content=\"Mirta Vranje\u0161 - Mobbing u Hrvatskoj - &quot;Samo prestra\u0161eni radnik je dobar radnik&quot; - Agencija za elektroni\u010dke medije\" \/>\n<meta property=\"og:url\" content=\"https:\/\/aem.hr\/mirta-vranjes-mobbing-u-hrvatskoj-samo-prestraseni-radnik-je-dobar-radnik\/\" \/>\n<meta property=\"og:site_name\" content=\"Agencija za elektroni\u010dke medije\" \/>\n<meta property=\"article:modified_time\" content=\"2025-02-27T13:44:32+00:00\" \/>\n<meta name=\"twitter:card\" content=\"summary_large_image\" \/>\n<script type=\"application\/ld+json\" class=\"yoast-schema-graph\">{\"@context\":\"https:\/\/schema.org\",\"@graph\":[{\"@type\":\"WebPage\",\"@id\":\"https:\/\/aem.hr\/mirta-vranjes-mobbing-u-hrvatskoj-samo-prestraseni-radnik-je-dobar-radnik\/\",\"url\":\"https:\/\/aem.hr\/mirta-vranjes-mobbing-u-hrvatskoj-samo-prestraseni-radnik-je-dobar-radnik\/\",\"name\":\"Mirta Vranje\u0161 - Mobbing u Hrvatskoj - \\\"Samo prestra\u0161eni radnik je dobar radnik\\\" - Agencija za elektroni\u010dke medije\",\"isPartOf\":{\"@id\":\"https:\/\/aem.hr\/#website\"},\"datePublished\":\"2025-02-27T13:44:06+00:00\",\"dateModified\":\"2025-02-27T13:44:32+00:00\",\"breadcrumb\":{\"@id\":\"https:\/\/aem.hr\/mirta-vranjes-mobbing-u-hrvatskoj-samo-prestraseni-radnik-je-dobar-radnik\/#breadcrumb\"},\"inLanguage\":\"en-US\",\"potentialAction\":[{\"@type\":\"ReadAction\",\"target\":[\"https:\/\/aem.hr\/mirta-vranjes-mobbing-u-hrvatskoj-samo-prestraseni-radnik-je-dobar-radnik\/\"]}]},{\"@type\":\"BreadcrumbList\",\"@id\":\"https:\/\/aem.hr\/mirta-vranjes-mobbing-u-hrvatskoj-samo-prestraseni-radnik-je-dobar-radnik\/#breadcrumb\",\"itemListElement\":[{\"@type\":\"ListItem\",\"position\":1,\"name\":\"Po\u010detna stranica\",\"item\":\"https:\/\/aem.hr\/\"},{\"@type\":\"ListItem\",\"position\":2,\"name\":\"Mirta Vranje\u0161 &#8211; Mobbing u Hrvatskoj &#8211; &#8220;Samo prestra\u0161eni radnik je dobar radnik&#8221;\"}]},{\"@type\":\"WebSite\",\"@id\":\"https:\/\/aem.hr\/#website\",\"url\":\"https:\/\/aem.hr\/\",\"name\":\"Agencija za elektroni\u010dke medije\",\"description\":\"\",\"potentialAction\":[{\"@type\":\"SearchAction\",\"target\":{\"@type\":\"EntryPoint\",\"urlTemplate\":\"https:\/\/aem.hr\/?s={search_term_string}\"},\"query-input\":{\"@type\":\"PropertyValueSpecification\",\"valueRequired\":true,\"valueName\":\"search_term_string\"}}],\"inLanguage\":\"en-US\"}]}<\/script>\n<!-- \/ Yoast SEO plugin. -->","yoast_head_json":{"title":"Mirta Vranje\u0161 - Mobbing u Hrvatskoj - \"Samo prestra\u0161eni radnik je dobar radnik\" - Agencija za elektroni\u010dke medije","robots":{"index":"index","follow":"follow","max-snippet":"max-snippet:-1","max-image-preview":"max-image-preview:large","max-video-preview":"max-video-preview:-1"},"canonical":"https:\/\/aem.hr\/mirta-vranjes-mobbing-u-hrvatskoj-samo-prestraseni-radnik-je-dobar-radnik\/","og_locale":"en_US","og_type":"article","og_title":"Mirta Vranje\u0161 - Mobbing u Hrvatskoj - \"Samo prestra\u0161eni radnik je dobar radnik\" - Agencija za elektroni\u010dke medije","og_url":"https:\/\/aem.hr\/mirta-vranjes-mobbing-u-hrvatskoj-samo-prestraseni-radnik-je-dobar-radnik\/","og_site_name":"Agencija za elektroni\u010dke medije","article_modified_time":"2025-02-27T13:44:32+00:00","twitter_card":"summary_large_image","schema":{"@context":"https:\/\/schema.org","@graph":[{"@type":"WebPage","@id":"https:\/\/aem.hr\/mirta-vranjes-mobbing-u-hrvatskoj-samo-prestraseni-radnik-je-dobar-radnik\/","url":"https:\/\/aem.hr\/mirta-vranjes-mobbing-u-hrvatskoj-samo-prestraseni-radnik-je-dobar-radnik\/","name":"Mirta Vranje\u0161 - Mobbing u Hrvatskoj - \"Samo prestra\u0161eni radnik je dobar radnik\" - Agencija za elektroni\u010dke medije","isPartOf":{"@id":"https:\/\/aem.hr\/#website"},"datePublished":"2025-02-27T13:44:06+00:00","dateModified":"2025-02-27T13:44:32+00:00","breadcrumb":{"@id":"https:\/\/aem.hr\/mirta-vranjes-mobbing-u-hrvatskoj-samo-prestraseni-radnik-je-dobar-radnik\/#breadcrumb"},"inLanguage":"en-US","potentialAction":[{"@type":"ReadAction","target":["https:\/\/aem.hr\/mirta-vranjes-mobbing-u-hrvatskoj-samo-prestraseni-radnik-je-dobar-radnik\/"]}]},{"@type":"BreadcrumbList","@id":"https:\/\/aem.hr\/mirta-vranjes-mobbing-u-hrvatskoj-samo-prestraseni-radnik-je-dobar-radnik\/#breadcrumb","itemListElement":[{"@type":"ListItem","position":1,"name":"Po\u010detna stranica","item":"https:\/\/aem.hr\/"},{"@type":"ListItem","position":2,"name":"Mirta Vranje\u0161 &#8211; Mobbing u Hrvatskoj &#8211; &#8220;Samo prestra\u0161eni radnik je dobar radnik&#8221;"}]},{"@type":"WebSite","@id":"https:\/\/aem.hr\/#website","url":"https:\/\/aem.hr\/","name":"Agencija za elektroni\u010dke medije","description":"","potentialAction":[{"@type":"SearchAction","target":{"@type":"EntryPoint","urlTemplate":"https:\/\/aem.hr\/?s={search_term_string}"},"query-input":{"@type":"PropertyValueSpecification","valueRequired":true,"valueName":"search_term_string"}}],"inLanguage":"en-US"}]}},"coauthors":[],"author_meta":{"author_link":"https:\/\/aem.hr\/en\/blog\/author\/mkirac\/","display_name":"Matko Kirac"},"relative_dates":{"created":"Posted 1 year ago","modified":"Updated 1 year ago"},"absolute_dates":{"created":"Posted on 27. February 2025.","modified":"Updated on 27. February 2025."},"absolute_dates_time":{"created":"Posted on 27. February 2025. 14:44","modified":"Updated on 27. February 2025. 14:44"},"featured_img_caption":"","featured_img":false,"series_order":"","_links":{"self":[{"href":"https:\/\/aem.hr\/en\/wp-json\/wp\/v2\/pages\/20444","targetHints":{"allow":["GET"]}}],"collection":[{"href":"https:\/\/aem.hr\/en\/wp-json\/wp\/v2\/pages"}],"about":[{"href":"https:\/\/aem.hr\/en\/wp-json\/wp\/v2\/types\/page"}],"author":[{"embeddable":true,"href":"https:\/\/aem.hr\/en\/wp-json\/wp\/v2\/users\/18"}],"replies":[{"embeddable":true,"href":"https:\/\/aem.hr\/en\/wp-json\/wp\/v2\/comments?post=20444"}],"version-history":[{"count":1,"href":"https:\/\/aem.hr\/en\/wp-json\/wp\/v2\/pages\/20444\/revisions"}],"predecessor-version":[{"id":20459,"href":"https:\/\/aem.hr\/en\/wp-json\/wp\/v2\/pages\/20444\/revisions\/20459"}],"wp:attachment":[{"href":"https:\/\/aem.hr\/en\/wp-json\/wp\/v2\/media?parent=20444"}],"curies":[{"name":"wp","href":"https:\/\/api.w.org\/{rel}","templated":true}]}}

Mirta Vranješ &#8211; Mobbing u Hrvatskoj &#8211; &#8220;Samo prestrašeni radnik je dobar radnik&#8221;

<div class="wp-block-file"><a id="wp-block-file--media-bda1900d-69aa-424f-8ab0-32c06ab6fcf7" href="https://aem.hr/wp-content/uploads/2025/02/1.-Nakon-porodiljnog-se-vratila-u-ured-uzeli-su-joj-sredstva-za-rad.pdf">1. &#8216;Nakon porodiljnog se vratila u ured, uzeli su joj sredstva za rad&#8217;</a><a href="https://aem.hr/wp-content/uploads/2025/02/1.-Nakon-porodiljnog-se-vratila-u-ured-uzeli-su-joj-sredstva-za-rad.pdf" class="wp-block-file__button wp-element-button" download aria-describedby="wp-block-file--media-bda1900d-69aa-424f-8ab0-32c06ab6fcf7">Preuzimanje</a></div>



<div class="wp-block-file"><a id="wp-block-file--media-3773e829-23d6-4b6a-ab60-85a6d3a8e46c" href="https://aem.hr/wp-content/uploads/2025/02/2.-Mobbing-u-Hrvatskoj.-Ovo-su-prvi-znaci-da-vas-zlostavljaju.pdf">2. Mobbing u Hrvatskoj. Ovo su prvi znaci da vas zlostavljaju</a><a href="https://aem.hr/wp-content/uploads/2025/02/2.-Mobbing-u-Hrvatskoj.-Ovo-su-prvi-znaci-da-vas-zlostavljaju.pdf" class="wp-block-file__button wp-element-button" download aria-describedby="wp-block-file--media-3773e829-23d6-4b6a-ab60-85a6d3a8e46c">Preuzimanje</a></div>



<div class="wp-block-file"><a id="wp-block-file--media-d719fc55-9c55-4373-ba49-54084b2ecc77" href="https://aem.hr/wp-content/uploads/2025/02/3.-Mobbing-je-psihicko-zlostavljanje-na-poslu-koje-nanosi-stetu.pdf">3. Mobbing je psihičko zlostavljanje na poslu koje nanosi štetu</a><a href="https://aem.hr/wp-content/uploads/2025/02/3.-Mobbing-je-psihicko-zlostavljanje-na-poslu-koje-nanosi-stetu.pdf" class="wp-block-file__button wp-element-button" download aria-describedby="wp-block-file--media-d719fc55-9c55-4373-ba49-54084b2ecc77">Preuzimanje</a></div>



<div class="wp-block-file"><a id="wp-block-file--media-898efc01-1eda-4373-978c-90021e7759d6" href="https://aem.hr/wp-content/uploads/2025/02/4.-Steta-koju-mobbing-nanosi-zdravlju-zrtve-je-ogromna.pdf">4. Šteta koju mobbing nanosi zdravlju žrtve je ogromna</a><a href="https://aem.hr/wp-content/uploads/2025/02/4.-Steta-koju-mobbing-nanosi-zdravlju-zrtve-je-ogromna.pdf" class="wp-block-file__button wp-element-button" download aria-describedby="wp-block-file--media-898efc01-1eda-4373-978c-90021e7759d6">Preuzimanje</a></div>



<div class="wp-block-file"><a id="wp-block-file--media-efad6204-546b-4310-9ff4-3b147e3f86ec" href="https://aem.hr/wp-content/uploads/2025/02/5.-Zrtve-mobbinga-probleme-s-posla-nose-u-obitelj.pdf">5. Žrtve mobbinga probleme s posla nose u obitelj</a><a href="https://aem.hr/wp-content/uploads/2025/02/5.-Zrtve-mobbinga-probleme-s-posla-nose-u-obitelj.pdf" class="wp-block-file__button wp-element-button" download aria-describedby="wp-block-file--media-efad6204-546b-4310-9ff4-3b147e3f86ec">Preuzimanje</a></div>



<div class="wp-block-file"><a id="wp-block-file--media-374320d7-a022-4b59-8546-35da33262f15" href="https://aem.hr/wp-content/uploads/2025/02/6.-Granica-izmedu-flerta-i-seksualnog-uznemiravanja-na-poslu.pdf">6. Granica između flerta i seksualnog uznemiravanja na poslu</a><a href="https://aem.hr/wp-content/uploads/2025/02/6.-Granica-izmedu-flerta-i-seksualnog-uznemiravanja-na-poslu.pdf" class="wp-block-file__button wp-element-button" download aria-describedby="wp-block-file--media-374320d7-a022-4b59-8546-35da33262f15">Preuzimanje</a></div>



<div class="wp-block-file"><a id="wp-block-file--media-0fac0472-dc45-4a14-a365-fd3fd54aa17c" href="https://aem.hr/wp-content/uploads/2025/02/7.-Zrtve-mobbinga-o-svojim-iskustvima.pdf">7. Žrtve mobbinga o svojim iskustvima</a><a href="https://aem.hr/wp-content/uploads/2025/02/7.-Zrtve-mobbinga-o-svojim-iskustvima.pdf" class="wp-block-file__button wp-element-button" download aria-describedby="wp-block-file--media-0fac0472-dc45-4a14-a365-fd3fd54aa17c">Preuzimanje</a></div>

<!-- This site is optimized with the Yoast SEO plugin v25.7 - https://yoast.com/wordpress/plugins/seo/ -->
<title>Mirta Vranješ - Mobbing u Hrvatskoj - &quot;Samo prestrašeni radnik je dobar radnik&quot; - Agencija za elektroničke medije</title>
<meta name="robots" content="index, follow, max-snippet:-1, max-image-preview:large, max-video-preview:-1" />
<link rel="canonical" href="https://aem.hr/mirta-vranjes-mobbing-u-hrvatskoj-samo-prestraseni-radnik-je-dobar-radnik/" />
<meta property="og:locale" content="en_US" />
<meta property="og:type" content="article" />
<meta property="og:title" content="Mirta Vranješ - Mobbing u Hrvatskoj - &quot;Samo prestrašeni radnik je dobar radnik&quot; - Agencija za elektroničke medije" />
<meta property="og:url" content="https://aem.hr/mirta-vranjes-mobbing-u-hrvatskoj-samo-prestraseni-radnik-je-dobar-radnik/" />
<meta property="og:site_name" content="Agencija za elektroničke medije" />
<meta property="article:modified_time" content="2025-02-27T13:44:32+00:00" />
<meta name="twitter:card" content="summary_large_image" />
<script type="application/ld+json" class="yoast-schema-graph">{"@context":"https://schema.org","@graph":[{"@type":"WebPage","@id":"https://aem.hr/mirta-vranjes-mobbing-u-hrvatskoj-samo-prestraseni-radnik-je-dobar-radnik/","url":"https://aem.hr/mirta-vranjes-mobbing-u-hrvatskoj-samo-prestraseni-radnik-je-dobar-radnik/","name":"Mirta Vranješ - Mobbing u Hrvatskoj - \"Samo prestrašeni radnik je dobar radnik\" - Agencija za elektroničke medije","isPartOf":{"@id":"https://aem.hr/#website"},"datePublished":"2025-02-27T13:44:06+00:00","dateModified":"2025-02-27T13:44:32+00:00","breadcrumb":{"@id":"https://aem.hr/mirta-vranjes-mobbing-u-hrvatskoj-samo-prestraseni-radnik-je-dobar-radnik/#breadcrumb"},"inLanguage":"en-US","potentialAction":[{"@type":"ReadAction","target":["https://aem.hr/mirta-vranjes-mobbing-u-hrvatskoj-samo-prestraseni-radnik-je-dobar-radnik/"]}]},{"@type":"BreadcrumbList","@id":"https://aem.hr/mirta-vranjes-mobbing-u-hrvatskoj-samo-prestraseni-radnik-je-dobar-radnik/#breadcrumb","itemListElement":[{"@type":"ListItem","position":1,"name":"Početna stranica","item":"https://aem.hr/"},{"@type":"ListItem","position":2,"name":"Mirta Vranješ &#8211; Mobbing u Hrvatskoj &#8211; &#8220;Samo prestrašeni radnik je dobar radnik&#8221;"}]},{"@type":"WebSite","@id":"https://aem.hr/#website","url":"https://aem.hr/","name":"Agencija za elektroničke medije","description":"","potentialAction":[{"@type":"SearchAction","target":{"@type":"EntryPoint","urlTemplate":"https://aem.hr/?s={search_term_string}"},"query-input":{"@type":"PropertyValueSpecification","valueRequired":true,"valueName":"search_term_string"}}],"inLanguage":"en-US"}]}</script>
<!-- / Yoast SEO plugin. -->

Mirta Vranješ - Mobbing u Hrvatskoj - "Samo prestrašeni radnik je dobar radnik" - Agencija za elektroničke medije

Agencija za elektroničke medije

Početna stranica
