{"id":20831,"date":"2025-03-11T12:52:57","date_gmt":"2025-03-11T11:52:57","guid":{"rendered":"http:\/\/aem.hr\/?page_id=20831"},"modified":"2025-03-11T12:52:58","modified_gmt":"2025-03-11T11:52:58","slug":"branimir-bradaric-turisticke-price-istoka-hrvatske","status":"publish","type":"page","link":"https:\/\/aem.hr\/en\/branimir-bradaric-turisticke-price-istoka-hrvatske\/","title":{"rendered":"Branimir Bradari\u0107 &#8211; Turisti\u010dke pri\u010de istoka Hrvatske"},"content":{"rendered":"\n<div class=\"wp-block-file\"><a id=\"wp-block-file--media-18c33f9b-b8aa-427c-8079-e5664047cf47\" href=\"https:\/\/aem.hr\/wp-content\/uploads\/2025\/03\/1.-Kontinetalni-turizam-ima-ogroman.pdf\">1. Kontinetalni turizam ima ogroman<\/a><a href=\"https:\/\/aem.hr\/wp-content\/uploads\/2025\/03\/1.-Kontinetalni-turizam-ima-ogroman.pdf\" class=\"wp-block-file__button wp-element-button\" download aria-describedby=\"wp-block-file--media-18c33f9b-b8aa-427c-8079-e5664047cf47\">Preuzimanje<\/a><\/div>\n\n\n\n<div class=\"wp-block-file\"><a id=\"wp-block-file--media-aefe8e77-ab5d-4d12-a5f1-95e02d6bb3b2\" href=\"https:\/\/aem.hr\/wp-content\/uploads\/2025\/03\/2-Iako-se-navodi-kao-jedan-od-stupova.pdf\">2 Iako se navodi kao jedan od stupova<\/a><a href=\"https:\/\/aem.hr\/wp-content\/uploads\/2025\/03\/2-Iako-se-navodi-kao-jedan-od-stupova.pdf\" class=\"wp-block-file__button wp-element-button\" download aria-describedby=\"wp-block-file--media-aefe8e77-ab5d-4d12-a5f1-95e02d6bb3b2\">Preuzimanje<\/a><\/div>\n\n\n\n<div class=\"wp-block-file\"><a id=\"wp-block-file--media-4cb3b6ec-90c3-430a-9e97-ad5bd488caf7\" href=\"https:\/\/aem.hr\/wp-content\/uploads\/2025\/03\/3.-Centar-za-promatranje-ptica-Nijemci.pdf\">3. Centar za promatranje ptica Nijemci<\/a><a href=\"https:\/\/aem.hr\/wp-content\/uploads\/2025\/03\/3.-Centar-za-promatranje-ptica-Nijemci.pdf\" class=\"wp-block-file__button wp-element-button\" download aria-describedby=\"wp-block-file--media-4cb3b6ec-90c3-430a-9e97-ad5bd488caf7\">Preuzimanje<\/a><\/div>\n\n\n\n<div class=\"wp-block-file\"><a id=\"wp-block-file--media-0e8e0985-735a-4a2d-9cd9-197d03938605\" href=\"https:\/\/aem.hr\/wp-content\/uploads\/2025\/03\/4.-Ratni-turizam-u-Vukovaru.pdf\">4. Ratni turizam u Vukovaru<\/a><a href=\"https:\/\/aem.hr\/wp-content\/uploads\/2025\/03\/4.-Ratni-turizam-u-Vukovaru.pdf\" class=\"wp-block-file__button wp-element-button\" download aria-describedby=\"wp-block-file--media-0e8e0985-735a-4a2d-9cd9-197d03938605\">Preuzimanje<\/a><\/div>\n\n\n\n<div class=\"wp-block-file\"><a id=\"wp-block-file--media-e16b0c3c-9d6e-489c-b9d0-bf7c6754b495\" href=\"https:\/\/aem.hr\/wp-content\/uploads\/2025\/03\/5.-Manifestacije-kao-nezaobilazan.pdf\">5. Manifestacije kao nezaobilazan<\/a><a href=\"https:\/\/aem.hr\/wp-content\/uploads\/2025\/03\/5.-Manifestacije-kao-nezaobilazan.pdf\" class=\"wp-block-file__button wp-element-button\" download aria-describedby=\"wp-block-file--media-e16b0c3c-9d6e-489c-b9d0-bf7c6754b495\">Preuzimanje<\/a><\/div>\n\n\n\n<div class=\"wp-block-file\"><a id=\"wp-block-file--media-e5ec3c41-a65e-45d5-a61b-fb7683190457\" href=\"https:\/\/aem.hr\/wp-content\/uploads\/2025\/03\/6.-Temelj-vinkovacke-turisticke-ponude.pdf\">6. Temelj vinkova\u010dke turisti\u010dke ponude<\/a><a href=\"https:\/\/aem.hr\/wp-content\/uploads\/2025\/03\/6.-Temelj-vinkovacke-turisticke-ponude.pdf\" class=\"wp-block-file__button wp-element-button\" download aria-describedby=\"wp-block-file--media-e5ec3c41-a65e-45d5-a61b-fb7683190457\">Preuzimanje<\/a><\/div>\n\n\n\n<div class=\"wp-block-file\"><a id=\"wp-block-file--media-bb3388a3-6859-42d9-a8c0-174ca598fef6\" href=\"https:\/\/aem.hr\/wp-content\/uploads\/2025\/03\/7.-Dvorci-istoka-Hrvatske.pdf\">7. Dvorci istoka Hrvatske<\/a><a href=\"https:\/\/aem.hr\/wp-content\/uploads\/2025\/03\/7.-Dvorci-istoka-Hrvatske.pdf\" class=\"wp-block-file__button wp-element-button\" download aria-describedby=\"wp-block-file--media-bb3388a3-6859-42d9-a8c0-174ca598fef6\">Preuzimanje<\/a><\/div>\n\n\n\n<div class=\"wp-block-file\"><a id=\"wp-block-file--media-713ebce2-85aa-4475-97e9-ca5f8c31ec15\" href=\"https:\/\/aem.hr\/wp-content\/uploads\/2025\/03\/8.-Turisticki-potencijali-Iloka.pdf\">8. Turisti\u010dki potencijali Iloka<\/a><a href=\"https:\/\/aem.hr\/wp-content\/uploads\/2025\/03\/8.-Turisticki-potencijali-Iloka.pdf\" class=\"wp-block-file__button wp-element-button\" download aria-describedby=\"wp-block-file--media-713ebce2-85aa-4475-97e9-ca5f8c31ec15\">Preuzimanje<\/a><\/div>\n\n\n\n<div class=\"wp-block-file\"><a id=\"wp-block-file--media-55c153ff-1fad-4c59-b927-0a292d942456\" href=\"https:\/\/aem.hr\/wp-content\/uploads\/2025\/03\/9.-Kopacki-rit-\u2013-mjesto-idealno.pdf\">9. Kopa\u010dki rit \u2013 mjesto idealno<\/a><a href=\"https:\/\/aem.hr\/wp-content\/uploads\/2025\/03\/9.-Kopacki-rit-\u2013-mjesto-idealno.pdf\" class=\"wp-block-file__button wp-element-button\" download aria-describedby=\"wp-block-file--media-55c153ff-1fad-4c59-b927-0a292d942456\">Preuzimanje<\/a><\/div>\n\n\n\n<div class=\"wp-block-file\"><a id=\"wp-block-file--media-6b5ce6ad-c414-4af9-9b84-6557d16a0318\" href=\"https:\/\/aem.hr\/wp-content\/uploads\/2025\/03\/10.-Osijek-\u2013-turisticko-srediste.pdf\">10. Osijek \u2013 turisti\u010dko sredi\u0161te<\/a><a href=\"https:\/\/aem.hr\/wp-content\/uploads\/2025\/03\/10.-Osijek-\u2013-turisticko-srediste.pdf\" class=\"wp-block-file__button wp-element-button\" download aria-describedby=\"wp-block-file--media-6b5ce6ad-c414-4af9-9b84-6557d16a0318\">Preuzimanje<\/a><\/div>\n","protected":false},"excerpt":{"rendered":"","protected":false},"author":18,"featured_media":0,"parent":0,"menu_order":0,"comment_status":"closed","ping_status":"closed","template":"","meta":{"_acf_changed":false,"inline_featured_image":false,"advgb_blocks_editor_width":"","advgb_blocks_columns_visual_guide":"","_links_to":"","_links_to_type":0,"footnotes":""},"class_list":["post-20831","page","type-page","status-publish","hentry"],"acf":[],"yoast_head":"<!-- This site is optimized with the Yoast SEO plugin v25.7 - https:\/\/yoast.com\/wordpress\/plugins\/seo\/ -->\n<title>Branimir Bradari\u0107 - Turisti\u010dke pri\u010de istoka Hrvatske - Agencija za elektroni\u010dke medije<\/title>\n<meta name=\"robots\" content=\"index, follow, max-snippet:-1, max-image-preview:large, max-video-preview:-1\" \/>\n<link rel=\"canonical\" href=\"https:\/\/aem.hr\/branimir-bradaric-turisticke-price-istoka-hrvatske\/\" \/>\n<meta property=\"og:locale\" content=\"en_US\" \/>\n<meta property=\"og:type\" content=\"article\" \/>\n<meta property=\"og:title\" content=\"Branimir Bradari\u0107 - Turisti\u010dke pri\u010de istoka Hrvatske - Agencija za elektroni\u010dke medije\" \/>\n<meta property=\"og:url\" content=\"https:\/\/aem.hr\/branimir-bradaric-turisticke-price-istoka-hrvatske\/\" \/>\n<meta property=\"og:site_name\" content=\"Agencija za elektroni\u010dke medije\" \/>\n<meta property=\"article:modified_time\" content=\"2025-03-11T11:52:58+00:00\" \/>\n<meta name=\"twitter:card\" content=\"summary_large_image\" \/>\n<meta name=\"twitter:label1\" content=\"Est. reading time\" \/>\n\t<meta name=\"twitter:data1\" content=\"1 minute\" \/>\n<script type=\"application\/ld+json\" class=\"yoast-schema-graph\">{\"@context\":\"https:\/\/schema.org\",\"@graph\":[{\"@type\":\"WebPage\",\"@id\":\"https:\/\/aem.hr\/branimir-bradaric-turisticke-price-istoka-hrvatske\/\",\"url\":\"https:\/\/aem.hr\/branimir-bradaric-turisticke-price-istoka-hrvatske\/\",\"name\":\"Branimir Bradari\u0107 - Turisti\u010dke pri\u010de istoka Hrvatske - Agencija za elektroni\u010dke medije\",\"isPartOf\":{\"@id\":\"https:\/\/aem.hr\/#website\"},\"datePublished\":\"2025-03-11T11:52:57+00:00\",\"dateModified\":\"2025-03-11T11:52:58+00:00\",\"breadcrumb\":{\"@id\":\"https:\/\/aem.hr\/branimir-bradaric-turisticke-price-istoka-hrvatske\/#breadcrumb\"},\"inLanguage\":\"en-US\",\"potentialAction\":[{\"@type\":\"ReadAction\",\"target\":[\"https:\/\/aem.hr\/branimir-bradaric-turisticke-price-istoka-hrvatske\/\"]}]},{\"@type\":\"BreadcrumbList\",\"@id\":\"https:\/\/aem.hr\/branimir-bradaric-turisticke-price-istoka-hrvatske\/#breadcrumb\",\"itemListElement\":[{\"@type\":\"ListItem\",\"position\":1,\"name\":\"Po\u010detna stranica\",\"item\":\"https:\/\/aem.hr\/\"},{\"@type\":\"ListItem\",\"position\":2,\"name\":\"Branimir Bradari\u0107 &#8211; Turisti\u010dke pri\u010de istoka Hrvatske\"}]},{\"@type\":\"WebSite\",\"@id\":\"https:\/\/aem.hr\/#website\",\"url\":\"https:\/\/aem.hr\/\",\"name\":\"Agencija za elektroni\u010dke medije\",\"description\":\"\",\"potentialAction\":[{\"@type\":\"SearchAction\",\"target\":{\"@type\":\"EntryPoint\",\"urlTemplate\":\"https:\/\/aem.hr\/?s={search_term_string}\"},\"query-input\":{\"@type\":\"PropertyValueSpecification\",\"valueRequired\":true,\"valueName\":\"search_term_string\"}}],\"inLanguage\":\"en-US\"}]}<\/script>\n<!-- \/ Yoast SEO plugin. -->","yoast_head_json":{"title":"Branimir Bradari\u0107 - Turisti\u010dke pri\u010de istoka Hrvatske - Agencija za elektroni\u010dke medije","robots":{"index":"index","follow":"follow","max-snippet":"max-snippet:-1","max-image-preview":"max-image-preview:large","max-video-preview":"max-video-preview:-1"},"canonical":"https:\/\/aem.hr\/branimir-bradaric-turisticke-price-istoka-hrvatske\/","og_locale":"en_US","og_type":"article","og_title":"Branimir Bradari\u0107 - Turisti\u010dke pri\u010de istoka Hrvatske - Agencija za elektroni\u010dke medije","og_url":"https:\/\/aem.hr\/branimir-bradaric-turisticke-price-istoka-hrvatske\/","og_site_name":"Agencija za elektroni\u010dke medije","article_modified_time":"2025-03-11T11:52:58+00:00","twitter_card":"summary_large_image","twitter_misc":{"Est. reading time":"1 minute"},"schema":{"@context":"https:\/\/schema.org","@graph":[{"@type":"WebPage","@id":"https:\/\/aem.hr\/branimir-bradaric-turisticke-price-istoka-hrvatske\/","url":"https:\/\/aem.hr\/branimir-bradaric-turisticke-price-istoka-hrvatske\/","name":"Branimir Bradari\u0107 - Turisti\u010dke pri\u010de istoka Hrvatske - Agencija za elektroni\u010dke medije","isPartOf":{"@id":"https:\/\/aem.hr\/#website"},"datePublished":"2025-03-11T11:52:57+00:00","dateModified":"2025-03-11T11:52:58+00:00","breadcrumb":{"@id":"https:\/\/aem.hr\/branimir-bradaric-turisticke-price-istoka-hrvatske\/#breadcrumb"},"inLanguage":"en-US","potentialAction":[{"@type":"ReadAction","target":["https:\/\/aem.hr\/branimir-bradaric-turisticke-price-istoka-hrvatske\/"]}]},{"@type":"BreadcrumbList","@id":"https:\/\/aem.hr\/branimir-bradaric-turisticke-price-istoka-hrvatske\/#breadcrumb","itemListElement":[{"@type":"ListItem","position":1,"name":"Po\u010detna stranica","item":"https:\/\/aem.hr\/"},{"@type":"ListItem","position":2,"name":"Branimir Bradari\u0107 &#8211; Turisti\u010dke pri\u010de istoka Hrvatske"}]},{"@type":"WebSite","@id":"https:\/\/aem.hr\/#website","url":"https:\/\/aem.hr\/","name":"Agencija za elektroni\u010dke medije","description":"","potentialAction":[{"@type":"SearchAction","target":{"@type":"EntryPoint","urlTemplate":"https:\/\/aem.hr\/?s={search_term_string}"},"query-input":{"@type":"PropertyValueSpecification","valueRequired":true,"valueName":"search_term_string"}}],"inLanguage":"en-US"}]}},"coauthors":[],"author_meta":{"author_link":"https:\/\/aem.hr\/en\/blog\/author\/mkirac\/","display_name":"Matko Kirac"},"relative_dates":{"created":"Posted 1 year ago","modified":"Updated 1 year ago"},"absolute_dates":{"created":"Posted on 11. March 2025.","modified":"Updated on 11. March 2025."},"absolute_dates_time":{"created":"Posted on 11. March 2025. 12:52","modified":"Updated on 11. March 2025. 12:52"},"featured_img_caption":"","featured_img":false,"series_order":"","_links":{"self":[{"href":"https:\/\/aem.hr\/en\/wp-json\/wp\/v2\/pages\/20831","targetHints":{"allow":["GET"]}}],"collection":[{"href":"https:\/\/aem.hr\/en\/wp-json\/wp\/v2\/pages"}],"about":[{"href":"https:\/\/aem.hr\/en\/wp-json\/wp\/v2\/types\/page"}],"author":[{"embeddable":true,"href":"https:\/\/aem.hr\/en\/wp-json\/wp\/v2\/users\/18"}],"replies":[{"embeddable":true,"href":"https:\/\/aem.hr\/en\/wp-json\/wp\/v2\/comments?post=20831"}],"version-history":[{"count":1,"href":"https:\/\/aem.hr\/en\/wp-json\/wp\/v2\/pages\/20831\/revisions"}],"predecessor-version":[{"id":20851,"href":"https:\/\/aem.hr\/en\/wp-json\/wp\/v2\/pages\/20831\/revisions\/20851"}],"wp:attachment":[{"href":"https:\/\/aem.hr\/en\/wp-json\/wp\/v2\/media?parent=20831"}],"curies":[{"name":"wp","href":"https:\/\/api.w.org\/{rel}","templated":true}]}}

Branimir Bradarić &#8211; Turističke priče istoka Hrvatske

<div class="wp-block-file"><a id="wp-block-file--media-18c33f9b-b8aa-427c-8079-e5664047cf47" href="https://aem.hr/wp-content/uploads/2025/03/1.-Kontinetalni-turizam-ima-ogroman.pdf">1. Kontinetalni turizam ima ogroman</a><a href="https://aem.hr/wp-content/uploads/2025/03/1.-Kontinetalni-turizam-ima-ogroman.pdf" class="wp-block-file__button wp-element-button" download aria-describedby="wp-block-file--media-18c33f9b-b8aa-427c-8079-e5664047cf47">Preuzimanje</a></div>



<div class="wp-block-file"><a id="wp-block-file--media-aefe8e77-ab5d-4d12-a5f1-95e02d6bb3b2" href="https://aem.hr/wp-content/uploads/2025/03/2-Iako-se-navodi-kao-jedan-od-stupova.pdf">2 Iako se navodi kao jedan od stupova</a><a href="https://aem.hr/wp-content/uploads/2025/03/2-Iako-se-navodi-kao-jedan-od-stupova.pdf" class="wp-block-file__button wp-element-button" download aria-describedby="wp-block-file--media-aefe8e77-ab5d-4d12-a5f1-95e02d6bb3b2">Preuzimanje</a></div>



<div class="wp-block-file"><a id="wp-block-file--media-4cb3b6ec-90c3-430a-9e97-ad5bd488caf7" href="https://aem.hr/wp-content/uploads/2025/03/3.-Centar-za-promatranje-ptica-Nijemci.pdf">3. Centar za promatranje ptica Nijemci</a><a href="https://aem.hr/wp-content/uploads/2025/03/3.-Centar-za-promatranje-ptica-Nijemci.pdf" class="wp-block-file__button wp-element-button" download aria-describedby="wp-block-file--media-4cb3b6ec-90c3-430a-9e97-ad5bd488caf7">Preuzimanje</a></div>



<div class="wp-block-file"><a id="wp-block-file--media-0e8e0985-735a-4a2d-9cd9-197d03938605" href="https://aem.hr/wp-content/uploads/2025/03/4.-Ratni-turizam-u-Vukovaru.pdf">4. Ratni turizam u Vukovaru</a><a href="https://aem.hr/wp-content/uploads/2025/03/4.-Ratni-turizam-u-Vukovaru.pdf" class="wp-block-file__button wp-element-button" download aria-describedby="wp-block-file--media-0e8e0985-735a-4a2d-9cd9-197d03938605">Preuzimanje</a></div>



<div class="wp-block-file"><a id="wp-block-file--media-e16b0c3c-9d6e-489c-b9d0-bf7c6754b495" href="https://aem.hr/wp-content/uploads/2025/03/5.-Manifestacije-kao-nezaobilazan.pdf">5. Manifestacije kao nezaobilazan</a><a href="https://aem.hr/wp-content/uploads/2025/03/5.-Manifestacije-kao-nezaobilazan.pdf" class="wp-block-file__button wp-element-button" download aria-describedby="wp-block-file--media-e16b0c3c-9d6e-489c-b9d0-bf7c6754b495">Preuzimanje</a></div>



<div class="wp-block-file"><a id="wp-block-file--media-e5ec3c41-a65e-45d5-a61b-fb7683190457" href="https://aem.hr/wp-content/uploads/2025/03/6.-Temelj-vinkovacke-turisticke-ponude.pdf">6. Temelj vinkovačke turističke ponude</a><a href="https://aem.hr/wp-content/uploads/2025/03/6.-Temelj-vinkovacke-turisticke-ponude.pdf" class="wp-block-file__button wp-element-button" download aria-describedby="wp-block-file--media-e5ec3c41-a65e-45d5-a61b-fb7683190457">Preuzimanje</a></div>



<div class="wp-block-file"><a id="wp-block-file--media-bb3388a3-6859-42d9-a8c0-174ca598fef6" href="https://aem.hr/wp-content/uploads/2025/03/7.-Dvorci-istoka-Hrvatske.pdf">7. Dvorci istoka Hrvatske</a><a href="https://aem.hr/wp-content/uploads/2025/03/7.-Dvorci-istoka-Hrvatske.pdf" class="wp-block-file__button wp-element-button" download aria-describedby="wp-block-file--media-bb3388a3-6859-42d9-a8c0-174ca598fef6">Preuzimanje</a></div>



<div class="wp-block-file"><a id="wp-block-file--media-713ebce2-85aa-4475-97e9-ca5f8c31ec15" href="https://aem.hr/wp-content/uploads/2025/03/8.-Turisticki-potencijali-Iloka.pdf">8. Turistički potencijali Iloka</a><a href="https://aem.hr/wp-content/uploads/2025/03/8.-Turisticki-potencijali-Iloka.pdf" class="wp-block-file__button wp-element-button" download aria-describedby="wp-block-file--media-713ebce2-85aa-4475-97e9-ca5f8c31ec15">Preuzimanje</a></div>



<div class="wp-block-file"><a id="wp-block-file--media-55c153ff-1fad-4c59-b927-0a292d942456" href="https://aem.hr/wp-content/uploads/2025/03/9.-Kopacki-rit-–-mjesto-idealno.pdf">9. Kopački rit – mjesto idealno</a><a href="https://aem.hr/wp-content/uploads/2025/03/9.-Kopacki-rit-–-mjesto-idealno.pdf" class="wp-block-file__button wp-element-button" download aria-describedby="wp-block-file--media-55c153ff-1fad-4c59-b927-0a292d942456">Preuzimanje</a></div>



<div class="wp-block-file"><a id="wp-block-file--media-6b5ce6ad-c414-4af9-9b84-6557d16a0318" href="https://aem.hr/wp-content/uploads/2025/03/10.-Osijek-–-turisticko-srediste.pdf">10. Osijek – turističko središte</a><a href="https://aem.hr/wp-content/uploads/2025/03/10.-Osijek-–-turisticko-srediste.pdf" class="wp-block-file__button wp-element-button" download aria-describedby="wp-block-file--media-6b5ce6ad-c414-4af9-9b84-6557d16a0318">Preuzimanje</a></div>

<!-- This site is optimized with the Yoast SEO plugin v25.7 - https://yoast.com/wordpress/plugins/seo/ -->
<title>Branimir Bradarić - Turističke priče istoka Hrvatske - Agencija za elektroničke medije</title>
<meta name="robots" content="index, follow, max-snippet:-1, max-image-preview:large, max-video-preview:-1" />
<link rel="canonical" href="https://aem.hr/branimir-bradaric-turisticke-price-istoka-hrvatske/" />
<meta property="og:locale" content="en_US" />
<meta property="og:type" content="article" />
<meta property="og:title" content="Branimir Bradarić - Turističke priče istoka Hrvatske - Agencija za elektroničke medije" />
<meta property="og:url" content="https://aem.hr/branimir-bradaric-turisticke-price-istoka-hrvatske/" />
<meta property="og:site_name" content="Agencija za elektroničke medije" />
<meta property="article:modified_time" content="2025-03-11T11:52:58+00:00" />
<meta name="twitter:card" content="summary_large_image" />
<meta name="twitter:label1" content="Est. reading time" />
	<meta name="twitter:data1" content="1 minute" />
<script type="application/ld+json" class="yoast-schema-graph">{"@context":"https://schema.org","@graph":[{"@type":"WebPage","@id":"https://aem.hr/branimir-bradaric-turisticke-price-istoka-hrvatske/","url":"https://aem.hr/branimir-bradaric-turisticke-price-istoka-hrvatske/","name":"Branimir Bradarić - Turističke priče istoka Hrvatske - Agencija za elektroničke medije","isPartOf":{"@id":"https://aem.hr/#website"},"datePublished":"2025-03-11T11:52:57+00:00","dateModified":"2025-03-11T11:52:58+00:00","breadcrumb":{"@id":"https://aem.hr/branimir-bradaric-turisticke-price-istoka-hrvatske/#breadcrumb"},"inLanguage":"en-US","potentialAction":[{"@type":"ReadAction","target":["https://aem.hr/branimir-bradaric-turisticke-price-istoka-hrvatske/"]}]},{"@type":"BreadcrumbList","@id":"https://aem.hr/branimir-bradaric-turisticke-price-istoka-hrvatske/#breadcrumb","itemListElement":[{"@type":"ListItem","position":1,"name":"Početna stranica","item":"https://aem.hr/"},{"@type":"ListItem","position":2,"name":"Branimir Bradarić &#8211; Turističke priče istoka Hrvatske"}]},{"@type":"WebSite","@id":"https://aem.hr/#website","url":"https://aem.hr/","name":"Agencija za elektroničke medije","description":"","potentialAction":[{"@type":"SearchAction","target":{"@type":"EntryPoint","urlTemplate":"https://aem.hr/?s={search_term_string}"},"query-input":{"@type":"PropertyValueSpecification","valueRequired":true,"valueName":"search_term_string"}}],"inLanguage":"en-US"}]}</script>
<!-- / Yoast SEO plugin. -->

Branimir Bradarić - Turističke priče istoka Hrvatske - Agencija za elektroničke medije

Agencija za elektroničke medije

Početna stranica
