{"id":22590,"date":"2025-03-26T14:57:04","date_gmt":"2025-03-26T13:57:04","guid":{"rendered":"http:\/\/aem.hr\/?page_id=22590"},"modified":"2025-03-26T14:57:05","modified_gmt":"2025-03-26T13:57:05","slug":"biljana-basic-perspektive-zaposljavanja-i-resocijalizacije-beskucnika","status":"publish","type":"page","link":"https:\/\/aem.hr\/en\/biljana-basic-perspektive-zaposljavanja-i-resocijalizacije-beskucnika\/","title":{"rendered":"Biljana Ba\u0161i\u0107 &#8211; Perspektive zapo\u0161ljavanja i resocijalizacije besku\u0107nika"},"content":{"rendered":"\n<div class=\"wp-block-file\"><a id=\"wp-block-file--media-b1f51825-10e4-43aa-abf6-ee2ab58576ad\" href=\"https:\/\/aem.hr\/wp-content\/uploads\/2025\/02\/1.-Voditeljica-pulskog-prenocista.pdf\">1. Voditeljica pulskog preno\u0107i\u0161ta<\/a><a href=\"https:\/\/aem.hr\/wp-content\/uploads\/2025\/02\/1.-Voditeljica-pulskog-prenocista.pdf\" class=\"wp-block-file__button wp-element-button\" download aria-describedby=\"wp-block-file--media-b1f51825-10e4-43aa-abf6-ee2ab58576ad\">Preuzimanje<\/a><\/div>\n\n\n\n<div class=\"wp-block-file\"><a id=\"wp-block-file--media-972edc24-f535-432a-987d-7ac62466749c\" href=\"https:\/\/aem.hr\/wp-content\/uploads\/2025\/02\/2.-Intervju-s-bisim-beskucnikom.pdf\">2. Intervju s bi\u0161im besku\u0107nikom<\/a><a href=\"https:\/\/aem.hr\/wp-content\/uploads\/2025\/02\/2.-Intervju-s-bisim-beskucnikom.pdf\" class=\"wp-block-file__button wp-element-button\" download aria-describedby=\"wp-block-file--media-972edc24-f535-432a-987d-7ac62466749c\">Preuzimanje<\/a><\/div>\n\n\n\n<div class=\"wp-block-file\"><a id=\"wp-block-file--media-1e4be380-9380-4bce-b4d6-663428483c1b\" href=\"https:\/\/aem.hr\/wp-content\/uploads\/2025\/02\/3.-Ministartsvo-rada-i-socijalne-politike.pdf\">3. Ministartsvo rada i socijalne politike<\/a><a href=\"https:\/\/aem.hr\/wp-content\/uploads\/2025\/02\/3.-Ministartsvo-rada-i-socijalne-politike.pdf\" class=\"wp-block-file__button wp-element-button\" download aria-describedby=\"wp-block-file--media-1e4be380-9380-4bce-b4d6-663428483c1b\">Preuzimanje<\/a><\/div>\n\n\n\n<div class=\"wp-block-file\"><a id=\"wp-block-file--media-7d632bc6-f067-4b4d-b5e7-765741bb6d44\" href=\"https:\/\/aem.hr\/wp-content\/uploads\/2025\/02\/4.-Humanitarka-Ribaric-pomaze.pdf\">4. Humanitarka Ribari\u0107 poma\u017ee<\/a><a href=\"https:\/\/aem.hr\/wp-content\/uploads\/2025\/02\/4.-Humanitarka-Ribaric-pomaze.pdf\" class=\"wp-block-file__button wp-element-button\" download aria-describedby=\"wp-block-file--media-7d632bc6-f067-4b4d-b5e7-765741bb6d44\">Preuzimanje<\/a><\/div>\n\n\n\n<div class=\"wp-block-file\"><a id=\"wp-block-file--media-26cde25f-58c4-41f3-bd03-abef54b3c2b4\" href=\"https:\/\/aem.hr\/wp-content\/uploads\/2025\/02\/5.-Mlinar-oko-80-posto.pdf\">5. Mlinar oko 80 posto<\/a><a href=\"https:\/\/aem.hr\/wp-content\/uploads\/2025\/02\/5.-Mlinar-oko-80-posto.pdf\" class=\"wp-block-file__button wp-element-button\" download aria-describedby=\"wp-block-file--media-26cde25f-58c4-41f3-bd03-abef54b3c2b4\">Preuzimanje<\/a><\/div>\n","protected":false},"excerpt":{"rendered":"","protected":false},"author":18,"featured_media":0,"parent":0,"menu_order":0,"comment_status":"closed","ping_status":"closed","template":"","meta":{"_acf_changed":false,"inline_featured_image":false,"advgb_blocks_editor_width":"","advgb_blocks_columns_visual_guide":"","_links_to":"","_links_to_type":0,"footnotes":""},"class_list":["post-22590","page","type-page","status-publish","hentry"],"acf":[],"yoast_head":"<!-- This site is optimized with the Yoast SEO plugin v25.7 - https:\/\/yoast.com\/wordpress\/plugins\/seo\/ -->\n<title>Biljana Ba\u0161i\u0107 - Perspektive zapo\u0161ljavanja i resocijalizacije besku\u0107nika - Agencija za elektroni\u010dke medije<\/title>\n<meta name=\"robots\" content=\"index, follow, max-snippet:-1, max-image-preview:large, max-video-preview:-1\" \/>\n<link rel=\"canonical\" href=\"https:\/\/aem.hr\/biljana-basic-perspektive-zaposljavanja-i-resocijalizacije-beskucnika\/\" \/>\n<meta property=\"og:locale\" content=\"en_US\" \/>\n<meta property=\"og:type\" content=\"article\" \/>\n<meta property=\"og:title\" content=\"Biljana Ba\u0161i\u0107 - Perspektive zapo\u0161ljavanja i resocijalizacije besku\u0107nika - Agencija za elektroni\u010dke medije\" \/>\n<meta property=\"og:url\" content=\"https:\/\/aem.hr\/biljana-basic-perspektive-zaposljavanja-i-resocijalizacije-beskucnika\/\" \/>\n<meta property=\"og:site_name\" content=\"Agencija za elektroni\u010dke medije\" \/>\n<meta property=\"article:modified_time\" content=\"2025-03-26T13:57:05+00:00\" \/>\n<meta name=\"twitter:card\" content=\"summary_large_image\" \/>\n<meta name=\"twitter:label1\" content=\"Est. reading time\" \/>\n\t<meta name=\"twitter:data1\" content=\"1 minute\" \/>\n<script type=\"application\/ld+json\" class=\"yoast-schema-graph\">{\"@context\":\"https:\/\/schema.org\",\"@graph\":[{\"@type\":\"WebPage\",\"@id\":\"https:\/\/aem.hr\/biljana-basic-perspektive-zaposljavanja-i-resocijalizacije-beskucnika\/\",\"url\":\"https:\/\/aem.hr\/biljana-basic-perspektive-zaposljavanja-i-resocijalizacije-beskucnika\/\",\"name\":\"Biljana Ba\u0161i\u0107 - Perspektive zapo\u0161ljavanja i resocijalizacije besku\u0107nika - Agencija za elektroni\u010dke medije\",\"isPartOf\":{\"@id\":\"https:\/\/aem.hr\/#website\"},\"datePublished\":\"2025-03-26T13:57:04+00:00\",\"dateModified\":\"2025-03-26T13:57:05+00:00\",\"breadcrumb\":{\"@id\":\"https:\/\/aem.hr\/biljana-basic-perspektive-zaposljavanja-i-resocijalizacije-beskucnika\/#breadcrumb\"},\"inLanguage\":\"en-US\",\"potentialAction\":[{\"@type\":\"ReadAction\",\"target\":[\"https:\/\/aem.hr\/biljana-basic-perspektive-zaposljavanja-i-resocijalizacije-beskucnika\/\"]}]},{\"@type\":\"BreadcrumbList\",\"@id\":\"https:\/\/aem.hr\/biljana-basic-perspektive-zaposljavanja-i-resocijalizacije-beskucnika\/#breadcrumb\",\"itemListElement\":[{\"@type\":\"ListItem\",\"position\":1,\"name\":\"Po\u010detna stranica\",\"item\":\"https:\/\/aem.hr\/\"},{\"@type\":\"ListItem\",\"position\":2,\"name\":\"Biljana Ba\u0161i\u0107 &#8211; Perspektive zapo\u0161ljavanja i resocijalizacije besku\u0107nika\"}]},{\"@type\":\"WebSite\",\"@id\":\"https:\/\/aem.hr\/#website\",\"url\":\"https:\/\/aem.hr\/\",\"name\":\"Agencija za elektroni\u010dke medije\",\"description\":\"\",\"potentialAction\":[{\"@type\":\"SearchAction\",\"target\":{\"@type\":\"EntryPoint\",\"urlTemplate\":\"https:\/\/aem.hr\/?s={search_term_string}\"},\"query-input\":{\"@type\":\"PropertyValueSpecification\",\"valueRequired\":true,\"valueName\":\"search_term_string\"}}],\"inLanguage\":\"en-US\"}]}<\/script>\n<!-- \/ Yoast SEO plugin. -->","yoast_head_json":{"title":"Biljana Ba\u0161i\u0107 - Perspektive zapo\u0161ljavanja i resocijalizacije besku\u0107nika - Agencija za elektroni\u010dke medije","robots":{"index":"index","follow":"follow","max-snippet":"max-snippet:-1","max-image-preview":"max-image-preview:large","max-video-preview":"max-video-preview:-1"},"canonical":"https:\/\/aem.hr\/biljana-basic-perspektive-zaposljavanja-i-resocijalizacije-beskucnika\/","og_locale":"en_US","og_type":"article","og_title":"Biljana Ba\u0161i\u0107 - Perspektive zapo\u0161ljavanja i resocijalizacije besku\u0107nika - Agencija za elektroni\u010dke medije","og_url":"https:\/\/aem.hr\/biljana-basic-perspektive-zaposljavanja-i-resocijalizacije-beskucnika\/","og_site_name":"Agencija za elektroni\u010dke medije","article_modified_time":"2025-03-26T13:57:05+00:00","twitter_card":"summary_large_image","twitter_misc":{"Est. reading time":"1 minute"},"schema":{"@context":"https:\/\/schema.org","@graph":[{"@type":"WebPage","@id":"https:\/\/aem.hr\/biljana-basic-perspektive-zaposljavanja-i-resocijalizacije-beskucnika\/","url":"https:\/\/aem.hr\/biljana-basic-perspektive-zaposljavanja-i-resocijalizacije-beskucnika\/","name":"Biljana Ba\u0161i\u0107 - Perspektive zapo\u0161ljavanja i resocijalizacije besku\u0107nika - Agencija za elektroni\u010dke medije","isPartOf":{"@id":"https:\/\/aem.hr\/#website"},"datePublished":"2025-03-26T13:57:04+00:00","dateModified":"2025-03-26T13:57:05+00:00","breadcrumb":{"@id":"https:\/\/aem.hr\/biljana-basic-perspektive-zaposljavanja-i-resocijalizacije-beskucnika\/#breadcrumb"},"inLanguage":"en-US","potentialAction":[{"@type":"ReadAction","target":["https:\/\/aem.hr\/biljana-basic-perspektive-zaposljavanja-i-resocijalizacije-beskucnika\/"]}]},{"@type":"BreadcrumbList","@id":"https:\/\/aem.hr\/biljana-basic-perspektive-zaposljavanja-i-resocijalizacije-beskucnika\/#breadcrumb","itemListElement":[{"@type":"ListItem","position":1,"name":"Po\u010detna stranica","item":"https:\/\/aem.hr\/"},{"@type":"ListItem","position":2,"name":"Biljana Ba\u0161i\u0107 &#8211; Perspektive zapo\u0161ljavanja i resocijalizacije besku\u0107nika"}]},{"@type":"WebSite","@id":"https:\/\/aem.hr\/#website","url":"https:\/\/aem.hr\/","name":"Agencija za elektroni\u010dke medije","description":"","potentialAction":[{"@type":"SearchAction","target":{"@type":"EntryPoint","urlTemplate":"https:\/\/aem.hr\/?s={search_term_string}"},"query-input":{"@type":"PropertyValueSpecification","valueRequired":true,"valueName":"search_term_string"}}],"inLanguage":"en-US"}]}},"coauthors":[],"author_meta":{"author_link":"https:\/\/aem.hr\/en\/blog\/author\/mkirac\/","display_name":"Matko Kirac"},"relative_dates":{"created":"Posted 1 year ago","modified":"Updated 1 year ago"},"absolute_dates":{"created":"Posted on 26. March 2025.","modified":"Updated on 26. March 2025."},"absolute_dates_time":{"created":"Posted on 26. March 2025. 14:57","modified":"Updated on 26. March 2025. 14:57"},"featured_img_caption":"","featured_img":false,"series_order":"","_links":{"self":[{"href":"https:\/\/aem.hr\/en\/wp-json\/wp\/v2\/pages\/22590","targetHints":{"allow":["GET"]}}],"collection":[{"href":"https:\/\/aem.hr\/en\/wp-json\/wp\/v2\/pages"}],"about":[{"href":"https:\/\/aem.hr\/en\/wp-json\/wp\/v2\/types\/page"}],"author":[{"embeddable":true,"href":"https:\/\/aem.hr\/en\/wp-json\/wp\/v2\/users\/18"}],"replies":[{"embeddable":true,"href":"https:\/\/aem.hr\/en\/wp-json\/wp\/v2\/comments?post=22590"}],"version-history":[{"count":1,"href":"https:\/\/aem.hr\/en\/wp-json\/wp\/v2\/pages\/22590\/revisions"}],"predecessor-version":[{"id":22592,"href":"https:\/\/aem.hr\/en\/wp-json\/wp\/v2\/pages\/22590\/revisions\/22592"}],"wp:attachment":[{"href":"https:\/\/aem.hr\/en\/wp-json\/wp\/v2\/media?parent=22590"}],"curies":[{"name":"wp","href":"https:\/\/api.w.org\/{rel}","templated":true}]}}

Biljana Bašić &#8211; Perspektive zapošljavanja i resocijalizacije beskućnika

<div class="wp-block-file"><a id="wp-block-file--media-b1f51825-10e4-43aa-abf6-ee2ab58576ad" href="https://aem.hr/wp-content/uploads/2025/02/1.-Voditeljica-pulskog-prenocista.pdf">1. Voditeljica pulskog prenoćišta</a><a href="https://aem.hr/wp-content/uploads/2025/02/1.-Voditeljica-pulskog-prenocista.pdf" class="wp-block-file__button wp-element-button" download aria-describedby="wp-block-file--media-b1f51825-10e4-43aa-abf6-ee2ab58576ad">Preuzimanje</a></div>



<div class="wp-block-file"><a id="wp-block-file--media-972edc24-f535-432a-987d-7ac62466749c" href="https://aem.hr/wp-content/uploads/2025/02/2.-Intervju-s-bisim-beskucnikom.pdf">2. Intervju s bišim beskućnikom</a><a href="https://aem.hr/wp-content/uploads/2025/02/2.-Intervju-s-bisim-beskucnikom.pdf" class="wp-block-file__button wp-element-button" download aria-describedby="wp-block-file--media-972edc24-f535-432a-987d-7ac62466749c">Preuzimanje</a></div>



<div class="wp-block-file"><a id="wp-block-file--media-1e4be380-9380-4bce-b4d6-663428483c1b" href="https://aem.hr/wp-content/uploads/2025/02/3.-Ministartsvo-rada-i-socijalne-politike.pdf">3. Ministartsvo rada i socijalne politike</a><a href="https://aem.hr/wp-content/uploads/2025/02/3.-Ministartsvo-rada-i-socijalne-politike.pdf" class="wp-block-file__button wp-element-button" download aria-describedby="wp-block-file--media-1e4be380-9380-4bce-b4d6-663428483c1b">Preuzimanje</a></div>



<div class="wp-block-file"><a id="wp-block-file--media-7d632bc6-f067-4b4d-b5e7-765741bb6d44" href="https://aem.hr/wp-content/uploads/2025/02/4.-Humanitarka-Ribaric-pomaze.pdf">4. Humanitarka Ribarić pomaže</a><a href="https://aem.hr/wp-content/uploads/2025/02/4.-Humanitarka-Ribaric-pomaze.pdf" class="wp-block-file__button wp-element-button" download aria-describedby="wp-block-file--media-7d632bc6-f067-4b4d-b5e7-765741bb6d44">Preuzimanje</a></div>



<div class="wp-block-file"><a id="wp-block-file--media-26cde25f-58c4-41f3-bd03-abef54b3c2b4" href="https://aem.hr/wp-content/uploads/2025/02/5.-Mlinar-oko-80-posto.pdf">5. Mlinar oko 80 posto</a><a href="https://aem.hr/wp-content/uploads/2025/02/5.-Mlinar-oko-80-posto.pdf" class="wp-block-file__button wp-element-button" download aria-describedby="wp-block-file--media-26cde25f-58c4-41f3-bd03-abef54b3c2b4">Preuzimanje</a></div>

<!-- This site is optimized with the Yoast SEO plugin v25.7 - https://yoast.com/wordpress/plugins/seo/ -->
<title>Biljana Bašić - Perspektive zapošljavanja i resocijalizacije beskućnika - Agencija za elektroničke medije</title>
<meta name="robots" content="index, follow, max-snippet:-1, max-image-preview:large, max-video-preview:-1" />
<link rel="canonical" href="https://aem.hr/biljana-basic-perspektive-zaposljavanja-i-resocijalizacije-beskucnika/" />
<meta property="og:locale" content="en_US" />
<meta property="og:type" content="article" />
<meta property="og:title" content="Biljana Bašić - Perspektive zapošljavanja i resocijalizacije beskućnika - Agencija za elektroničke medije" />
<meta property="og:url" content="https://aem.hr/biljana-basic-perspektive-zaposljavanja-i-resocijalizacije-beskucnika/" />
<meta property="og:site_name" content="Agencija za elektroničke medije" />
<meta property="article:modified_time" content="2025-03-26T13:57:05+00:00" />
<meta name="twitter:card" content="summary_large_image" />
<meta name="twitter:label1" content="Est. reading time" />
	<meta name="twitter:data1" content="1 minute" />
<script type="application/ld+json" class="yoast-schema-graph">{"@context":"https://schema.org","@graph":[{"@type":"WebPage","@id":"https://aem.hr/biljana-basic-perspektive-zaposljavanja-i-resocijalizacije-beskucnika/","url":"https://aem.hr/biljana-basic-perspektive-zaposljavanja-i-resocijalizacije-beskucnika/","name":"Biljana Bašić - Perspektive zapošljavanja i resocijalizacije beskućnika - Agencija za elektroničke medije","isPartOf":{"@id":"https://aem.hr/#website"},"datePublished":"2025-03-26T13:57:04+00:00","dateModified":"2025-03-26T13:57:05+00:00","breadcrumb":{"@id":"https://aem.hr/biljana-basic-perspektive-zaposljavanja-i-resocijalizacije-beskucnika/#breadcrumb"},"inLanguage":"en-US","potentialAction":[{"@type":"ReadAction","target":["https://aem.hr/biljana-basic-perspektive-zaposljavanja-i-resocijalizacije-beskucnika/"]}]},{"@type":"BreadcrumbList","@id":"https://aem.hr/biljana-basic-perspektive-zaposljavanja-i-resocijalizacije-beskucnika/#breadcrumb","itemListElement":[{"@type":"ListItem","position":1,"name":"Početna stranica","item":"https://aem.hr/"},{"@type":"ListItem","position":2,"name":"Biljana Bašić &#8211; Perspektive zapošljavanja i resocijalizacije beskućnika"}]},{"@type":"WebSite","@id":"https://aem.hr/#website","url":"https://aem.hr/","name":"Agencija za elektroničke medije","description":"","potentialAction":[{"@type":"SearchAction","target":{"@type":"EntryPoint","urlTemplate":"https://aem.hr/?s={search_term_string}"},"query-input":{"@type":"PropertyValueSpecification","valueRequired":true,"valueName":"search_term_string"}}],"inLanguage":"en-US"}]}</script>
<!-- / Yoast SEO plugin. -->

Biljana Bašić - Perspektive zapošljavanja i resocijalizacije beskućnika - Agencija za elektroničke medije

Agencija za elektroničke medije

Početna stranica
